{"id":1182,"date":"2025-09-15T16:29:28","date_gmt":"2025-09-15T14:29:28","guid":{"rendered":"https:\/\/re-sentir.be\/?page_id=1182"},"modified":"2025-09-24T16:15:33","modified_gmt":"2025-09-24T14:15:33","slug":"100-nature","status":"publish","type":"page","link":"https:\/\/re-sentir.be\/?page_id=1182","title":{"rendered":"100% nature"},"content":{"rendered":"\t\t<div data-elementor-type=\"wp-page\" data-elementor-id=\"1182\" class=\"elementor elementor-1182\">\n\t\t\t\t<div class=\"elementor-element elementor-element-5dd6c48 e-flex e-con-boxed e-con e-parent\" data-id=\"5dd6c48\" data-element_type=\"container\">\n\t\t\t\t\t<div class=\"e-con-inner\">\n\t\t<div class=\"elementor-element elementor-element-24a0031 e-con-full e-flex e-con e-child\" data-id=\"24a0031\" data-element_type=\"container\">\n\t\t\t\t<div class=\"elementor-element elementor-element-f867a30 elementor-widget elementor-widget-text-editor\" data-id=\"f867a30\" data-element_type=\"widget\" data-widget_type=\"text-editor.default\">\n\t\t\t\t<div class=\"elementor-widget-container\">\n\t\t\t\t\t\t\t\t\t<p><strong>Fleurs<\/strong>, bois, \u00e9pices, agrumes\u2026 constituent le c\u0153ur de nos parfums qui sont cr\u00e9\u00e9s exclusivement \u00e0 partir de mati\u00e8res naturelles : huiles essentielles, absolues et concr\u00e8tes. Elles contiennent des centaines de mol\u00e9cules olfactives.\u00a0<\/p><p>C\u2019est ce qui donne une richesse et une profondeur inimitables aux parfums RE.SENTIR.<\/p><p>Re-d\u00e9couvrez les odeurs que nous offre la nature, loin des parfums synth\u00e9tiques.<\/p><p>La fleur de tub\u00e9reuse en est un bel exemple, cette fleur exhale un parfum incroyable ! Elle repr\u00e9sente la sensualit\u00e9 par excellence.<\/p>\t\t\t\t\t\t\t\t<\/div>\n\t\t\t\t<\/div>\n\t\t\t\t<\/div>\n\t\t<div class=\"elementor-element elementor-element-f481fb1 e-con-full e-flex e-con e-child\" data-id=\"f481fb1\" data-element_type=\"container\">\n\t\t\t\t<div class=\"elementor-element elementor-element-1e51232 elementor-widget elementor-widget-image\" data-id=\"1e51232\" data-element_type=\"widget\" data-widget_type=\"image.default\">\n\t\t\t\t<div class=\"elementor-widget-container\">\n\t\t\t\t\t\t\t\t\t\t\t\t\t\t\t<img fetchpriority=\"high\" decoding=\"async\" width=\"600\" height=\"614\" src=\"https:\/\/re-sentir.be\/wp-content\/uploads\/2025\/02\/tubereuse-scaled-e1758194592615-600x614.jpg\" class=\"attachment-woocommerce_single size-woocommerce_single wp-image-264\" alt=\"tub\u00e9reuse\" srcset=\"https:\/\/re-sentir.be\/wp-content\/uploads\/2025\/02\/tubereuse-scaled-e1758194592615-600x614.jpg 600w, https:\/\/re-sentir.be\/wp-content\/uploads\/2025\/02\/tubereuse-scaled-e1758194592615-293x300.jpg 293w, https:\/\/re-sentir.be\/wp-content\/uploads\/2025\/02\/tubereuse-scaled-e1758194592615-1001x1024.jpg 1001w, https:\/\/re-sentir.be\/wp-content\/uploads\/2025\/02\/tubereuse-scaled-e1758194592615-768x786.jpg 768w, https:\/\/re-sentir.be\/wp-content\/uploads\/2025\/02\/tubereuse-scaled-e1758194592615-1502x1536.jpg 1502w, https:\/\/re-sentir.be\/wp-content\/uploads\/2025\/02\/tubereuse-scaled-e1758194592615.jpg 1707w\" sizes=\"(max-width: 600px) 100vw, 600px\" \/>\t\t\t\t\t\t\t\t\t\t\t\t\t\t\t<\/div>\n\t\t\t\t<\/div>\n\t\t\t\t<\/div>\n\t\t<div class=\"elementor-element elementor-element-1fb0019 e-con-full e-flex e-con e-child\" data-id=\"1fb0019\" data-element_type=\"container\">\n\t\t\t\t<div class=\"elementor-element elementor-element-261a94d elementor-widget elementor-widget-text-editor\" data-id=\"261a94d\" data-element_type=\"widget\" data-widget_type=\"text-editor.default\">\n\t\t\t\t<div class=\"elementor-widget-container\">\n\t\t\t\t\t\t\t\t\t<p>Le \u00ab jus \u00bb (concentr\u00e9) est constitu\u00e9 \u00e0 100% d\u2019ingr\u00e9dients sains et vegan : huiles absolues et concr\u00e8tes.\u00a0<\/p><p>Aucune mol\u00e9cule synth\u00e9tique n\u2019entre dans sa composition et ne vient alt\u00e9rer l&rsquo;harmonie des notes naturelles.\u00a0<\/p><p>Le jus repr\u00e9sente pr\u00e8s de 20% de la composition, ce qui en fait un parfum. A la diff\u00e9rence des eaux de toilette et eaux de parfums, moins concentr\u00e9es.<\/p><p>Ce concentr\u00e9 olfactif est dilu\u00e9 dans de l\u2019alcool de bl\u00e9 biologique non d\u00e9natur\u00e9 chimiquement par des phtalates afin de pr\u00e9server sa neutralit\u00e9 dans la composition.<\/p>\t\t\t\t\t\t\t\t<\/div>\n\t\t\t\t<\/div>\n\t\t\t\t<\/div>\n\t\t\t\t\t<\/div>\n\t\t\t\t<\/div>\n\t\t\t\t<\/div>\n\t\t","protected":false},"excerpt":{"rendered":"<p>Fleurs, bois, \u00e9pices, agrumes\u2026 constituent le c\u0153ur de nos parfums qui sont cr\u00e9\u00e9s exclusivement \u00e0 partir de mati\u00e8res naturelles : huiles essentielles, absolues et concr\u00e8tes. &hellip;<\/p>\n","protected":false},"author":1,"featured_media":0,"parent":0,"menu_order":0,"comment_status":"closed","ping_status":"closed","template":"elementor_theme","meta":{"footnotes":""},"class_list":["post-1182","page","type-page","status-publish","hentry"],"yoast_head":"<!-- This site is optimized with the Yoast SEO plugin v25.9 - https:\/\/yoast.com\/wordpress\/plugins\/seo\/ -->\n<title>Re.sentir | Parfums authentiques Bruxelles<\/title>\n<meta name=\"description\" content=\"RE.SENTIR c&#039;est une parfumerie de niche, ind\u00e9pendante et qui invite \u00e0 se r\u00e9approprier les odeurs authentiques de la nature. A ressentir des \u00e9motions oubli\u00e9es. A se faire plaisir tout en prenant soin du monde qui nous entoure.\" \/>\n<meta name=\"robots\" content=\"index, follow, max-snippet:-1, max-image-preview:large, max-video-preview:-1\" \/>\n<link rel=\"canonical\" href=\"https:\/\/re-sentir.be\/?page_id=1182\" \/>\n<meta property=\"og:locale\" content=\"fr_FR\" \/>\n<meta property=\"og:type\" content=\"article\" \/>\n<meta property=\"og:title\" content=\"Re.sentir | Parfums authentiques Bruxelles\" \/>\n<meta property=\"og:description\" content=\"RE.SENTIR c&#039;est une parfumerie de niche, ind\u00e9pendante et qui invite \u00e0 se r\u00e9approprier les odeurs authentiques de la nature. A ressentir des \u00e9motions oubli\u00e9es. A se faire plaisir tout en prenant soin du monde qui nous entoure.\" \/>\n<meta property=\"og:url\" content=\"https:\/\/re-sentir.be\/?page_id=1182\" \/>\n<meta property=\"og:site_name\" content=\"Re.sentir\" \/>\n<meta property=\"article:modified_time\" content=\"2025-09-24T14:15:33+00:00\" \/>\n<meta property=\"og:image\" content=\"https:\/\/re-sentir.be\/wp-content\/uploads\/2025\/02\/tubereuse-scaled-e1758194592615.jpg\" \/>\n\t<meta property=\"og:image:width\" content=\"1707\" \/>\n\t<meta property=\"og:image:height\" content=\"1746\" \/>\n\t<meta property=\"og:image:type\" content=\"image\/jpeg\" \/>\n<meta name=\"twitter:card\" content=\"summary_large_image\" \/>\n<meta name=\"twitter:label1\" content=\"Dur\u00e9e de lecture est.\" \/>\n\t<meta name=\"twitter:data1\" content=\"2 minutes\" \/>\n<script type=\"application\/ld+json\" class=\"yoast-schema-graph\">{\"@context\":\"https:\/\/schema.org\",\"@graph\":[{\"@type\":\"WebPage\",\"@id\":\"https:\/\/re-sentir.be\/?page_id=1182\",\"url\":\"https:\/\/re-sentir.be\/?page_id=1182\",\"name\":\"Re.sentir | Parfums authentiques Bruxelles\",\"isPartOf\":{\"@id\":\"https:\/\/re-sentir.be\/#website\"},\"primaryImageOfPage\":{\"@id\":\"https:\/\/re-sentir.be\/?page_id=1182#primaryimage\"},\"image\":{\"@id\":\"https:\/\/re-sentir.be\/?page_id=1182#primaryimage\"},\"thumbnailUrl\":\"https:\/\/re-sentir.be\/wp-content\/uploads\/2025\/02\/tubereuse-scaled-e1758194592615-600x614.jpg\",\"datePublished\":\"2025-09-15T14:29:28+00:00\",\"dateModified\":\"2025-09-24T14:15:33+00:00\",\"description\":\"RE.SENTIR c'est une parfumerie de niche, ind\u00e9pendante et qui invite \u00e0 se r\u00e9approprier les odeurs authentiques de la nature. A ressentir des \u00e9motions oubli\u00e9es. A se faire plaisir tout en prenant soin du monde qui nous entoure.\",\"breadcrumb\":{\"@id\":\"https:\/\/re-sentir.be\/?page_id=1182#breadcrumb\"},\"inLanguage\":\"fr-BE\",\"potentialAction\":[{\"@type\":\"ReadAction\",\"target\":[\"https:\/\/re-sentir.be\/?page_id=1182\"]}]},{\"@type\":\"ImageObject\",\"inLanguage\":\"fr-BE\",\"@id\":\"https:\/\/re-sentir.be\/?page_id=1182#primaryimage\",\"url\":\"https:\/\/re-sentir.be\/wp-content\/uploads\/2025\/02\/tubereuse-scaled-e1758194592615.jpg\",\"contentUrl\":\"https:\/\/re-sentir.be\/wp-content\/uploads\/2025\/02\/tubereuse-scaled-e1758194592615.jpg\",\"width\":1707,\"height\":1746,\"caption\":\"tub\u00e9reuse\"},{\"@type\":\"BreadcrumbList\",\"@id\":\"https:\/\/re-sentir.be\/?page_id=1182#breadcrumb\",\"itemListElement\":[{\"@type\":\"ListItem\",\"position\":1,\"name\":\"Accueil\",\"item\":\"https:\/\/re-sentir.be\/\"},{\"@type\":\"ListItem\",\"position\":2,\"name\":\"100% nature\"}]},{\"@type\":\"WebSite\",\"@id\":\"https:\/\/re-sentir.be\/#website\",\"url\":\"https:\/\/re-sentir.be\/\",\"name\":\"Re-Sentir\",\"description\":\"Parfums authentiques\",\"publisher\":{\"@id\":\"https:\/\/re-sentir.be\/#organization\"},\"potentialAction\":[{\"@type\":\"SearchAction\",\"target\":{\"@type\":\"EntryPoint\",\"urlTemplate\":\"https:\/\/re-sentir.be\/?s={search_term_string}\"},\"query-input\":{\"@type\":\"PropertyValueSpecification\",\"valueRequired\":true,\"valueName\":\"search_term_string\"}}],\"inLanguage\":\"fr-BE\"},{\"@type\":\"Organization\",\"@id\":\"https:\/\/re-sentir.be\/#organization\",\"name\":\"Re-Sentir\",\"url\":\"https:\/\/re-sentir.be\/\",\"logo\":{\"@type\":\"ImageObject\",\"inLanguage\":\"fr-BE\",\"@id\":\"https:\/\/re-sentir.be\/#\/schema\/logo\/image\/\",\"url\":\"https:\/\/re-sentir.be\/wp-content\/uploads\/2025\/02\/resentir_logo_100x100_72pp.png\",\"contentUrl\":\"https:\/\/re-sentir.be\/wp-content\/uploads\/2025\/02\/resentir_logo_100x100_72pp.png\",\"width\":44,\"height\":34,\"caption\":\"Re-Sentir\"},\"image\":{\"@id\":\"https:\/\/re-sentir.be\/#\/schema\/logo\/image\/\"}}]}<\/script>\n<!-- \/ Yoast SEO plugin. -->","yoast_head_json":{"title":"Re.sentir | Parfums authentiques Bruxelles","description":"RE.SENTIR c'est une parfumerie de niche, ind\u00e9pendante et qui invite \u00e0 se r\u00e9approprier les odeurs authentiques de la nature. A ressentir des \u00e9motions oubli\u00e9es. A se faire plaisir tout en prenant soin du monde qui nous entoure.","robots":{"index":"index","follow":"follow","max-snippet":"max-snippet:-1","max-image-preview":"max-image-preview:large","max-video-preview":"max-video-preview:-1"},"canonical":"https:\/\/re-sentir.be\/?page_id=1182","og_locale":"fr_FR","og_type":"article","og_title":"Re.sentir | Parfums authentiques Bruxelles","og_description":"RE.SENTIR c'est une parfumerie de niche, ind\u00e9pendante et qui invite \u00e0 se r\u00e9approprier les odeurs authentiques de la nature. A ressentir des \u00e9motions oubli\u00e9es. A se faire plaisir tout en prenant soin du monde qui nous entoure.","og_url":"https:\/\/re-sentir.be\/?page_id=1182","og_site_name":"Re.sentir","article_modified_time":"2025-09-24T14:15:33+00:00","og_image":[{"width":1707,"height":1746,"url":"https:\/\/re-sentir.be\/wp-content\/uploads\/2025\/02\/tubereuse-scaled-e1758194592615.jpg","type":"image\/jpeg"}],"twitter_card":"summary_large_image","twitter_misc":{"Dur\u00e9e de lecture est.":"2 minutes"},"schema":{"@context":"https:\/\/schema.org","@graph":[{"@type":"WebPage","@id":"https:\/\/re-sentir.be\/?page_id=1182","url":"https:\/\/re-sentir.be\/?page_id=1182","name":"Re.sentir | Parfums authentiques Bruxelles","isPartOf":{"@id":"https:\/\/re-sentir.be\/#website"},"primaryImageOfPage":{"@id":"https:\/\/re-sentir.be\/?page_id=1182#primaryimage"},"image":{"@id":"https:\/\/re-sentir.be\/?page_id=1182#primaryimage"},"thumbnailUrl":"https:\/\/re-sentir.be\/wp-content\/uploads\/2025\/02\/tubereuse-scaled-e1758194592615-600x614.jpg","datePublished":"2025-09-15T14:29:28+00:00","dateModified":"2025-09-24T14:15:33+00:00","description":"RE.SENTIR c'est une parfumerie de niche, ind\u00e9pendante et qui invite \u00e0 se r\u00e9approprier les odeurs authentiques de la nature. A ressentir des \u00e9motions oubli\u00e9es. A se faire plaisir tout en prenant soin du monde qui nous entoure.","breadcrumb":{"@id":"https:\/\/re-sentir.be\/?page_id=1182#breadcrumb"},"inLanguage":"fr-BE","potentialAction":[{"@type":"ReadAction","target":["https:\/\/re-sentir.be\/?page_id=1182"]}]},{"@type":"ImageObject","inLanguage":"fr-BE","@id":"https:\/\/re-sentir.be\/?page_id=1182#primaryimage","url":"https:\/\/re-sentir.be\/wp-content\/uploads\/2025\/02\/tubereuse-scaled-e1758194592615.jpg","contentUrl":"https:\/\/re-sentir.be\/wp-content\/uploads\/2025\/02\/tubereuse-scaled-e1758194592615.jpg","width":1707,"height":1746,"caption":"tub\u00e9reuse"},{"@type":"BreadcrumbList","@id":"https:\/\/re-sentir.be\/?page_id=1182#breadcrumb","itemListElement":[{"@type":"ListItem","position":1,"name":"Accueil","item":"https:\/\/re-sentir.be\/"},{"@type":"ListItem","position":2,"name":"100% nature"}]},{"@type":"WebSite","@id":"https:\/\/re-sentir.be\/#website","url":"https:\/\/re-sentir.be\/","name":"Re-Sentir","description":"Parfums authentiques","publisher":{"@id":"https:\/\/re-sentir.be\/#organization"},"potentialAction":[{"@type":"SearchAction","target":{"@type":"EntryPoint","urlTemplate":"https:\/\/re-sentir.be\/?s={search_term_string}"},"query-input":{"@type":"PropertyValueSpecification","valueRequired":true,"valueName":"search_term_string"}}],"inLanguage":"fr-BE"},{"@type":"Organization","@id":"https:\/\/re-sentir.be\/#organization","name":"Re-Sentir","url":"https:\/\/re-sentir.be\/","logo":{"@type":"ImageObject","inLanguage":"fr-BE","@id":"https:\/\/re-sentir.be\/#\/schema\/logo\/image\/","url":"https:\/\/re-sentir.be\/wp-content\/uploads\/2025\/02\/resentir_logo_100x100_72pp.png","contentUrl":"https:\/\/re-sentir.be\/wp-content\/uploads\/2025\/02\/resentir_logo_100x100_72pp.png","width":44,"height":34,"caption":"Re-Sentir"},"image":{"@id":"https:\/\/re-sentir.be\/#\/schema\/logo\/image\/"}}]}},"_links":{"self":[{"href":"https:\/\/re-sentir.be\/index.php?rest_route=\/wp\/v2\/pages\/1182","targetHints":{"allow":["GET"]}}],"collection":[{"href":"https:\/\/re-sentir.be\/index.php?rest_route=\/wp\/v2\/pages"}],"about":[{"href":"https:\/\/re-sentir.be\/index.php?rest_route=\/wp\/v2\/types\/page"}],"author":[{"embeddable":true,"href":"https:\/\/re-sentir.be\/index.php?rest_route=\/wp\/v2\/users\/1"}],"replies":[{"embeddable":true,"href":"https:\/\/re-sentir.be\/index.php?rest_route=%2Fwp%2Fv2%2Fcomments&post=1182"}],"version-history":[{"count":32,"href":"https:\/\/re-sentir.be\/index.php?rest_route=\/wp\/v2\/pages\/1182\/revisions"}],"predecessor-version":[{"id":1853,"href":"https:\/\/re-sentir.be\/index.php?rest_route=\/wp\/v2\/pages\/1182\/revisions\/1853"}],"wp:attachment":[{"href":"https:\/\/re-sentir.be\/index.php?rest_route=%2Fwp%2Fv2%2Fmedia&parent=1182"}],"curies":[{"name":"wp","href":"https:\/\/api.w.org\/{rel}","templated":true}]}}