{"id":1203,"date":"2025-09-15T16:50:13","date_gmt":"2025-09-15T14:50:13","guid":{"rendered":"https:\/\/re-sentir.be\/?page_id=1203"},"modified":"2025-09-24T16:17:06","modified_gmt":"2025-09-24T14:17:06","slug":"elementor-page-1203","status":"publish","type":"page","link":"https:\/\/re-sentir.be\/?page_id=1203","title":{"rendered":"Un design \u00e9pur\u00e9"},"content":{"rendered":"\t\t<div data-elementor-type=\"wp-page\" data-elementor-id=\"1203\" class=\"elementor elementor-1203\">\n\t\t\t\t<div class=\"elementor-element elementor-element-52408f9 e-flex e-con-boxed e-con e-parent\" data-id=\"52408f9\" data-element_type=\"container\">\n\t\t\t\t\t<div class=\"e-con-inner\">\n\t\t<div class=\"elementor-element elementor-element-a856919 e-con-full e-flex e-con e-child\" data-id=\"a856919\" data-element_type=\"container\">\n\t\t\t\t<div class=\"elementor-element elementor-element-982d4c8 elementor-widget elementor-widget-text-editor\" data-id=\"982d4c8\" data-element_type=\"widget\" data-widget_type=\"text-editor.default\">\n\t\t\t\t<div class=\"elementor-widget-container\">\n\t\t\t\t\t\t\t\t\t<p>Le flacon en verre est fabriqu\u00e9 en Italie. Son design carr\u00e9 lui conf\u00e8re un aspect \u00e0 la fois moderne et \u00e9l\u00e9gant.<\/p><p>Son magnifique capot en bois est grav\u00e9 au laser dans un atelier partag\u00e9, un \u00ab\u00a0fab lab\u00a0\u00bb.<\/p><p>L\u2019emballage en carton recycl\u00e9 est fait et imprim\u00e9 par une entreprise de travail adapt\u00e9.\u00a0<\/p><p>L&rsquo;aquarelle reprise sur l&#8217;emballage est une cr\u00e9ation de l&rsquo;aquarelliste Luc Tub\u00e9.<\/p><p>Bref, un projet personnel \u00e0 tous points de vue.<\/p>\t\t\t\t\t\t\t\t<\/div>\n\t\t\t\t<\/div>\n\t\t\t\t<\/div>\n\t\t<div class=\"elementor-element elementor-element-7e234d0 e-con-full e-flex e-con e-child\" data-id=\"7e234d0\" data-element_type=\"container\">\n\t\t\t\t<div class=\"elementor-element elementor-element-5005e4c elementor-widget elementor-widget-image\" data-id=\"5005e4c\" data-element_type=\"widget\" data-widget_type=\"image.default\">\n\t\t\t\t<div class=\"elementor-widget-container\">\n\t\t\t\t\t\t\t\t\t\t\t\t\t\t\t<img fetchpriority=\"high\" decoding=\"async\" width=\"967\" height=\"1024\" src=\"https:\/\/re-sentir.be\/wp-content\/uploads\/2025\/05\/ice_janvier25_120-28-05-967x1024.jpg\" class=\"attachment-large size-large wp-image-875\" alt=\"\" srcset=\"https:\/\/re-sentir.be\/wp-content\/uploads\/2025\/05\/ice_janvier25_120-28-05-967x1024.jpg 967w, https:\/\/re-sentir.be\/wp-content\/uploads\/2025\/05\/ice_janvier25_120-28-05-600x635.jpg 600w, https:\/\/re-sentir.be\/wp-content\/uploads\/2025\/05\/ice_janvier25_120-28-05-283x300.jpg 283w, https:\/\/re-sentir.be\/wp-content\/uploads\/2025\/05\/ice_janvier25_120-28-05-768x813.jpg 768w, https:\/\/re-sentir.be\/wp-content\/uploads\/2025\/05\/ice_janvier25_120-28-05-1451x1536.jpg 1451w, https:\/\/re-sentir.be\/wp-content\/uploads\/2025\/05\/ice_janvier25_120-28-05.jpg 1707w\" sizes=\"(max-width: 967px) 100vw, 967px\" \/>\t\t\t\t\t\t\t\t\t\t\t\t\t\t\t<\/div>\n\t\t\t\t<\/div>\n\t\t\t\t<\/div>\n\t\t<div class=\"elementor-element elementor-element-aad5c4f e-con-full e-flex e-con e-child\" data-id=\"aad5c4f\" data-element_type=\"container\">\n\t\t\t\t<div class=\"elementor-element elementor-element-ce69ef7 elementor-widget elementor-widget-text-editor\" data-id=\"ce69ef7\" data-element_type=\"widget\" data-widget_type=\"text-editor.default\">\n\t\t\t\t<div class=\"elementor-widget-container\">\n\t\t\t\t\t\t\t\t\t<p>Un flacon de parfum, c&rsquo;est un objet de d\u00e9sir, que l&rsquo;on pose dans sa salle de bains, ou que l&rsquo;on transporte avec soi.<\/p><p>D&rsquo;o\u00f9 l&rsquo;importance qu&rsquo;il nous plaise et soit en phase non seulement avec notre personnalit\u00e9 mais \u00e9galement avec le parfum qu&rsquo;il contient.<\/p><p>Le verre et le bois, deux \u00e9l\u00e9ments naturels, nous rappellent la composition du parfum, faite de fleurs, de bois, de fruits, de racines&#8230;<\/p><p>Un univers \u00e0 la fois chic et naturel.<\/p>\t\t\t\t\t\t\t\t<\/div>\n\t\t\t\t<\/div>\n\t\t\t\t<\/div>\n\t\t\t\t\t<\/div>\n\t\t\t\t<\/div>\n\t\t\t\t<\/div>\n\t\t","protected":false},"excerpt":{"rendered":"<p>Le flacon en verre est fabriqu\u00e9 en Italie. Son design carr\u00e9 lui conf\u00e8re un aspect \u00e0 la fois moderne et \u00e9l\u00e9gant. Son magnifique capot en &hellip;<\/p>\n","protected":false},"author":1,"featured_media":0,"parent":0,"menu_order":0,"comment_status":"closed","ping_status":"closed","template":"elementor_theme","meta":{"footnotes":""},"class_list":["post-1203","page","type-page","status-publish","hentry"],"yoast_head":"<!-- This site is optimized with the Yoast SEO plugin v25.9 - https:\/\/yoast.com\/wordpress\/plugins\/seo\/ -->\n<title>Re.sentir | Parfums authentiques Bruxelles<\/title>\n<meta name=\"description\" content=\"RE.SENTIR c&#039;est une parfumerie de niche, ind\u00e9pendante et qui invite \u00e0 se r\u00e9approprier les odeurs authentiques de la nature. A ressentir des \u00e9motions oubli\u00e9es. A se faire plaisir tout en prenant soin du monde qui nous entoure.\" \/>\n<meta name=\"robots\" content=\"index, follow, max-snippet:-1, max-image-preview:large, max-video-preview:-1\" \/>\n<link rel=\"canonical\" href=\"https:\/\/re-sentir.be\/?page_id=1203\" \/>\n<meta property=\"og:locale\" content=\"fr_FR\" \/>\n<meta property=\"og:type\" content=\"article\" \/>\n<meta property=\"og:title\" content=\"Re.sentir | Parfums authentiques Bruxelles\" \/>\n<meta property=\"og:description\" content=\"RE.SENTIR c&#039;est une parfumerie de niche, ind\u00e9pendante et qui invite \u00e0 se r\u00e9approprier les odeurs authentiques de la nature. A ressentir des \u00e9motions oubli\u00e9es. A se faire plaisir tout en prenant soin du monde qui nous entoure.\" \/>\n<meta property=\"og:url\" content=\"https:\/\/re-sentir.be\/?page_id=1203\" \/>\n<meta property=\"og:site_name\" content=\"Re.sentir\" \/>\n<meta property=\"article:modified_time\" content=\"2025-09-24T14:17:06+00:00\" \/>\n<meta property=\"og:image\" content=\"https:\/\/re-sentir.be\/wp-content\/uploads\/2025\/05\/ice_janvier25_120-28-05.jpg\" \/>\n\t<meta property=\"og:image:width\" content=\"1707\" \/>\n\t<meta property=\"og:image:height\" content=\"1807\" \/>\n\t<meta property=\"og:image:type\" content=\"image\/jpeg\" \/>\n<meta name=\"twitter:card\" content=\"summary_large_image\" \/>\n<meta name=\"twitter:label1\" content=\"Dur\u00e9e de lecture est.\" \/>\n\t<meta name=\"twitter:data1\" content=\"1 minute\" \/>\n<script type=\"application\/ld+json\" class=\"yoast-schema-graph\">{\"@context\":\"https:\/\/schema.org\",\"@graph\":[{\"@type\":\"WebPage\",\"@id\":\"https:\/\/re-sentir.be\/?page_id=1203\",\"url\":\"https:\/\/re-sentir.be\/?page_id=1203\",\"name\":\"Re.sentir | Parfums authentiques Bruxelles\",\"isPartOf\":{\"@id\":\"https:\/\/re-sentir.be\/#website\"},\"primaryImageOfPage\":{\"@id\":\"https:\/\/re-sentir.be\/?page_id=1203#primaryimage\"},\"image\":{\"@id\":\"https:\/\/re-sentir.be\/?page_id=1203#primaryimage\"},\"thumbnailUrl\":\"https:\/\/re-sentir.be\/wp-content\/uploads\/2025\/05\/ice_janvier25_120-28-05-967x1024.jpg\",\"datePublished\":\"2025-09-15T14:50:13+00:00\",\"dateModified\":\"2025-09-24T14:17:06+00:00\",\"description\":\"RE.SENTIR c'est une parfumerie de niche, ind\u00e9pendante et qui invite \u00e0 se r\u00e9approprier les odeurs authentiques de la nature. A ressentir des \u00e9motions oubli\u00e9es. A se faire plaisir tout en prenant soin du monde qui nous entoure.\",\"breadcrumb\":{\"@id\":\"https:\/\/re-sentir.be\/?page_id=1203#breadcrumb\"},\"inLanguage\":\"fr-BE\",\"potentialAction\":[{\"@type\":\"ReadAction\",\"target\":[\"https:\/\/re-sentir.be\/?page_id=1203\"]}]},{\"@type\":\"ImageObject\",\"inLanguage\":\"fr-BE\",\"@id\":\"https:\/\/re-sentir.be\/?page_id=1203#primaryimage\",\"url\":\"https:\/\/re-sentir.be\/wp-content\/uploads\/2025\/05\/ice_janvier25_120-28-05.jpg\",\"contentUrl\":\"https:\/\/re-sentir.be\/wp-content\/uploads\/2025\/05\/ice_janvier25_120-28-05.jpg\",\"width\":1707,\"height\":1807},{\"@type\":\"BreadcrumbList\",\"@id\":\"https:\/\/re-sentir.be\/?page_id=1203#breadcrumb\",\"itemListElement\":[{\"@type\":\"ListItem\",\"position\":1,\"name\":\"Accueil\",\"item\":\"https:\/\/re-sentir.be\/\"},{\"@type\":\"ListItem\",\"position\":2,\"name\":\"Un design \u00e9pur\u00e9\"}]},{\"@type\":\"WebSite\",\"@id\":\"https:\/\/re-sentir.be\/#website\",\"url\":\"https:\/\/re-sentir.be\/\",\"name\":\"Re-Sentir\",\"description\":\"Parfums authentiques\",\"publisher\":{\"@id\":\"https:\/\/re-sentir.be\/#organization\"},\"potentialAction\":[{\"@type\":\"SearchAction\",\"target\":{\"@type\":\"EntryPoint\",\"urlTemplate\":\"https:\/\/re-sentir.be\/?s={search_term_string}\"},\"query-input\":{\"@type\":\"PropertyValueSpecification\",\"valueRequired\":true,\"valueName\":\"search_term_string\"}}],\"inLanguage\":\"fr-BE\"},{\"@type\":\"Organization\",\"@id\":\"https:\/\/re-sentir.be\/#organization\",\"name\":\"Re-Sentir\",\"url\":\"https:\/\/re-sentir.be\/\",\"logo\":{\"@type\":\"ImageObject\",\"inLanguage\":\"fr-BE\",\"@id\":\"https:\/\/re-sentir.be\/#\/schema\/logo\/image\/\",\"url\":\"https:\/\/re-sentir.be\/wp-content\/uploads\/2025\/02\/resentir_logo_100x100_72pp.png\",\"contentUrl\":\"https:\/\/re-sentir.be\/wp-content\/uploads\/2025\/02\/resentir_logo_100x100_72pp.png\",\"width\":44,\"height\":34,\"caption\":\"Re-Sentir\"},\"image\":{\"@id\":\"https:\/\/re-sentir.be\/#\/schema\/logo\/image\/\"}}]}<\/script>\n<!-- \/ Yoast SEO plugin. -->","yoast_head_json":{"title":"Re.sentir | Parfums authentiques Bruxelles","description":"RE.SENTIR c'est une parfumerie de niche, ind\u00e9pendante et qui invite \u00e0 se r\u00e9approprier les odeurs authentiques de la nature. A ressentir des \u00e9motions oubli\u00e9es. A se faire plaisir tout en prenant soin du monde qui nous entoure.","robots":{"index":"index","follow":"follow","max-snippet":"max-snippet:-1","max-image-preview":"max-image-preview:large","max-video-preview":"max-video-preview:-1"},"canonical":"https:\/\/re-sentir.be\/?page_id=1203","og_locale":"fr_FR","og_type":"article","og_title":"Re.sentir | Parfums authentiques Bruxelles","og_description":"RE.SENTIR c'est une parfumerie de niche, ind\u00e9pendante et qui invite \u00e0 se r\u00e9approprier les odeurs authentiques de la nature. A ressentir des \u00e9motions oubli\u00e9es. A se faire plaisir tout en prenant soin du monde qui nous entoure.","og_url":"https:\/\/re-sentir.be\/?page_id=1203","og_site_name":"Re.sentir","article_modified_time":"2025-09-24T14:17:06+00:00","og_image":[{"width":1707,"height":1807,"url":"https:\/\/re-sentir.be\/wp-content\/uploads\/2025\/05\/ice_janvier25_120-28-05.jpg","type":"image\/jpeg"}],"twitter_card":"summary_large_image","twitter_misc":{"Dur\u00e9e de lecture est.":"1 minute"},"schema":{"@context":"https:\/\/schema.org","@graph":[{"@type":"WebPage","@id":"https:\/\/re-sentir.be\/?page_id=1203","url":"https:\/\/re-sentir.be\/?page_id=1203","name":"Re.sentir | Parfums authentiques Bruxelles","isPartOf":{"@id":"https:\/\/re-sentir.be\/#website"},"primaryImageOfPage":{"@id":"https:\/\/re-sentir.be\/?page_id=1203#primaryimage"},"image":{"@id":"https:\/\/re-sentir.be\/?page_id=1203#primaryimage"},"thumbnailUrl":"https:\/\/re-sentir.be\/wp-content\/uploads\/2025\/05\/ice_janvier25_120-28-05-967x1024.jpg","datePublished":"2025-09-15T14:50:13+00:00","dateModified":"2025-09-24T14:17:06+00:00","description":"RE.SENTIR c'est une parfumerie de niche, ind\u00e9pendante et qui invite \u00e0 se r\u00e9approprier les odeurs authentiques de la nature. A ressentir des \u00e9motions oubli\u00e9es. A se faire plaisir tout en prenant soin du monde qui nous entoure.","breadcrumb":{"@id":"https:\/\/re-sentir.be\/?page_id=1203#breadcrumb"},"inLanguage":"fr-BE","potentialAction":[{"@type":"ReadAction","target":["https:\/\/re-sentir.be\/?page_id=1203"]}]},{"@type":"ImageObject","inLanguage":"fr-BE","@id":"https:\/\/re-sentir.be\/?page_id=1203#primaryimage","url":"https:\/\/re-sentir.be\/wp-content\/uploads\/2025\/05\/ice_janvier25_120-28-05.jpg","contentUrl":"https:\/\/re-sentir.be\/wp-content\/uploads\/2025\/05\/ice_janvier25_120-28-05.jpg","width":1707,"height":1807},{"@type":"BreadcrumbList","@id":"https:\/\/re-sentir.be\/?page_id=1203#breadcrumb","itemListElement":[{"@type":"ListItem","position":1,"name":"Accueil","item":"https:\/\/re-sentir.be\/"},{"@type":"ListItem","position":2,"name":"Un design \u00e9pur\u00e9"}]},{"@type":"WebSite","@id":"https:\/\/re-sentir.be\/#website","url":"https:\/\/re-sentir.be\/","name":"Re-Sentir","description":"Parfums authentiques","publisher":{"@id":"https:\/\/re-sentir.be\/#organization"},"potentialAction":[{"@type":"SearchAction","target":{"@type":"EntryPoint","urlTemplate":"https:\/\/re-sentir.be\/?s={search_term_string}"},"query-input":{"@type":"PropertyValueSpecification","valueRequired":true,"valueName":"search_term_string"}}],"inLanguage":"fr-BE"},{"@type":"Organization","@id":"https:\/\/re-sentir.be\/#organization","name":"Re-Sentir","url":"https:\/\/re-sentir.be\/","logo":{"@type":"ImageObject","inLanguage":"fr-BE","@id":"https:\/\/re-sentir.be\/#\/schema\/logo\/image\/","url":"https:\/\/re-sentir.be\/wp-content\/uploads\/2025\/02\/resentir_logo_100x100_72pp.png","contentUrl":"https:\/\/re-sentir.be\/wp-content\/uploads\/2025\/02\/resentir_logo_100x100_72pp.png","width":44,"height":34,"caption":"Re-Sentir"},"image":{"@id":"https:\/\/re-sentir.be\/#\/schema\/logo\/image\/"}}]}},"_links":{"self":[{"href":"https:\/\/re-sentir.be\/index.php?rest_route=\/wp\/v2\/pages\/1203","targetHints":{"allow":["GET"]}}],"collection":[{"href":"https:\/\/re-sentir.be\/index.php?rest_route=\/wp\/v2\/pages"}],"about":[{"href":"https:\/\/re-sentir.be\/index.php?rest_route=\/wp\/v2\/types\/page"}],"author":[{"embeddable":true,"href":"https:\/\/re-sentir.be\/index.php?rest_route=\/wp\/v2\/users\/1"}],"replies":[{"embeddable":true,"href":"https:\/\/re-sentir.be\/index.php?rest_route=%2Fwp%2Fv2%2Fcomments&post=1203"}],"version-history":[{"count":15,"href":"https:\/\/re-sentir.be\/index.php?rest_route=\/wp\/v2\/pages\/1203\/revisions"}],"predecessor-version":[{"id":1856,"href":"https:\/\/re-sentir.be\/index.php?rest_route=\/wp\/v2\/pages\/1203\/revisions\/1856"}],"wp:attachment":[{"href":"https:\/\/re-sentir.be\/index.php?rest_route=%2Fwp%2Fv2%2Fmedia&parent=1203"}],"curies":[{"name":"wp","href":"https:\/\/api.w.org\/{rel}","templated":true}]}}