{"id":1921,"date":"2025-12-08T16:22:44","date_gmt":"2025-12-08T15:22:44","guid":{"rendered":"https:\/\/re-sentir.be\/?post_type=product&#038;p=1921"},"modified":"2026-02-19T13:56:57","modified_gmt":"2026-02-19T12:56:57","slug":"coffret-decouverte-et-bon-cadeau-pour-un-parfum","status":"publish","type":"product","link":"https:\/\/re-sentir.be\/?product=coffret-decouverte-et-bon-cadeau-pour-un-parfum","title":{"rendered":"Coffret d\u00e9couverte et bon cadeau pour un flacon de parfum de 50 ml"},"content":{"rendered":"\t\t<div data-elementor-type=\"wp-post\" data-elementor-id=\"1921\" class=\"elementor elementor-1921\">\n\t\t\t\t<div class=\"elementor-element elementor-element-30a6a0e e-flex e-con-boxed e-con e-parent\" data-id=\"30a6a0e\" data-element_type=\"container\">\n\t\t\t\t\t<div class=\"e-con-inner\">\n\t\t<div class=\"elementor-element elementor-element-f5ea6a6 e-con-full e-flex e-con e-child\" data-id=\"f5ea6a6\" data-element_type=\"container\">\n\t\t\t\t<div class=\"elementor-element elementor-element-43e8a7b elementor-widget elementor-widget-text-editor\" data-id=\"43e8a7b\" data-element_type=\"widget\" data-widget_type=\"text-editor.default\">\n\t\t\t\t<div class=\"elementor-widget-container\">\n\t\t\t\t\t\t\t\t\t<p style=\"text-align: center;\"><span style=\"color: #99cc00;\"><span style=\"color: #003366;\">\u2665<\/span>\u00a0<\/span> <strong>Contenu<\/strong><\/p><p>Le coffret contient les cinq parfums en petite quantit\u00e9 : Ros\u00e9e du matin, Dans la for\u00eat, Passionn\u00e9ment, Solstice d&rsquo;\u00e9t\u00e9 et Chapelle Sixtine. Il est accompagn\u00e9 d&rsquo;un bon pour un flacon de 50ml de son choix.<\/p>\t\t\t\t\t\t\t\t<\/div>\n\t\t\t\t<\/div>\n\t\t\t\t<\/div>\n\t\t<div class=\"elementor-element elementor-element-49dbf91 e-con-full e-flex e-con e-child\" data-id=\"49dbf91\" data-element_type=\"container\">\n\t\t\t\t<div class=\"elementor-element elementor-element-7895ce4 elementor-widget elementor-widget-text-editor\" data-id=\"7895ce4\" data-element_type=\"widget\" data-widget_type=\"text-editor.default\">\n\t\t\t\t<div class=\"elementor-widget-container\">\n\t\t\t\t\t\t\t\t\t<p style=\"text-align: center;\"><span style=\"color: #99cc00;\"><span style=\"color: #003366;\">\u2665<\/span>\u00a0<\/span> <strong>Composition :<\/strong><\/p>\n<p>Alcool de bl\u00e9 biologique non d\u00e9natur\u00e9, parfum (compos\u00e9 uniquement des huiles essentielles, absolues et concr\u00e8tes).<\/p>\n<p>Voir le d\u00e9tail par article.<\/p>\t\t\t\t\t\t\t\t<\/div>\n\t\t\t\t<\/div>\n\t\t\t\t<\/div>\n\t\t<div class=\"elementor-element elementor-element-365a3f1 e-con-full e-flex e-con e-child\" data-id=\"365a3f1\" data-element_type=\"container\">\n\t\t\t\t<div class=\"elementor-element elementor-element-95cf59f elementor-widget elementor-widget-text-editor\" data-id=\"95cf59f\" data-element_type=\"widget\" data-widget_type=\"text-editor.default\">\n\t\t\t\t<div class=\"elementor-widget-container\">\n\t\t\t\t\t\t\t\t\t<p style=\"text-align: center;\"><span style=\"color: #99cc00;\"><span style=\"color: #003366;\">\u2665<\/span>\u00a0<\/span> <strong>Pr\u00e9cautions :<\/strong><\/p>\n<p><span style=\"color: #808080;\">Pour adultes (hors grossesse et allaitement) et enfants de plus de 10 ans. Ne pas avaler. En cas d\u2019irritation de la peau, arr\u00eater l\u2019utilisation. \u00c9viter le contact avec les yeux.\u00a0 Inflammable.<\/span><\/p>\t\t\t\t\t\t\t\t<\/div>\n\t\t\t\t<\/div>\n\t\t\t\t<\/div>\n\t\t<div class=\"elementor-element elementor-element-ca50ed6 e-con-full e-flex e-con e-child\" data-id=\"ca50ed6\" data-element_type=\"container\">\n\t\t\t\t<div class=\"elementor-element elementor-element-3f6ef46 elementor-widget elementor-widget-text-editor\" data-id=\"3f6ef46\" data-element_type=\"widget\" data-widget_type=\"text-editor.default\">\n\t\t\t\t<div class=\"elementor-widget-container\">\n\t\t\t\t\t\t\t\t\t<p style=\"text-align: center;\"><span style=\"color: #003366;\"><strong>\u2665 <\/strong><\/span><strong><span style=\"vertical-align: inherit;\">Contenance :<\/span><\/strong><\/p><p><strong><span style=\"vertical-align: inherit;\">Echantillons de 2.5ml<\/span><\/strong><span style=\"vertical-align: inherit;\"> : Chaque parfum est pr\u00e9sent\u00e9 dans un mini spray en verre, repris dans un petit coffret.<\/span><\/p>\t\t\t\t\t\t\t\t<\/div>\n\t\t\t\t<\/div>\n\t\t\t\t<\/div>\n\t\t<div class=\"elementor-element elementor-element-7c2ec50 e-con-full e-flex e-con e-child\" data-id=\"7c2ec50\" data-element_type=\"container\">\n\t\t\t\t<div class=\"elementor-element elementor-element-ca6487a elementor-widget elementor-widget-text-editor\" data-id=\"ca6487a\" data-element_type=\"widget\" data-widget_type=\"text-editor.default\">\n\t\t\t\t<div class=\"elementor-widget-container\">\n\t\t\t\t\t\t\t\t\t<p style=\"text-align: center;\"><strong><span style=\"color: #003366;\">\u2665<\/span> Utilisation \/ conservation :<\/strong><\/p>\n<p>Vaporiser cou ou poignets par exemple. Alternativement un mouchoir, un foulard, le bout des cheveux,&#8230; Conserver \u00e0 l&rsquo;abri de la chaleur et de la lumi\u00e8re. PAO : Le parfum conserve 2 ans apr\u00e8s ouverture.<\/p>\t\t\t\t\t\t\t\t<\/div>\n\t\t\t\t<\/div>\n\t\t\t\t<\/div>\n\t\t<div class=\"elementor-element elementor-element-c96c44f e-con-full e-flex e-con e-child\" data-id=\"c96c44f\" data-element_type=\"container\">\n\t\t\t\t<div class=\"elementor-element elementor-element-3b7be9d elementor-widget elementor-widget-text-editor\" data-id=\"3b7be9d\" data-element_type=\"widget\" data-widget_type=\"text-editor.default\">\n\t\t\t\t<div class=\"elementor-widget-container\">\n\t\t\t\t\t\t\t\t\t<p style=\"text-align: center;\"><strong><span style=\"color: #003366;\">\u2665<\/span> Parfum 100% naturel :<\/strong><\/p><p><span style=\"color: #808080;\">Tous les parfums sont concentr\u00e9s \u00e0 18%, non genr\u00e9s et constitu\u00e9s \u00e0 100% de mol\u00e9cules naturelles. Sans colorant, sans perturbateur endocrinien, sans anti-UV, sans mol\u00e9cule de synth\u00e8se.<\/span><\/p>\t\t\t\t\t\t\t\t<\/div>\n\t\t\t\t<\/div>\n\t\t\t\t<\/div>\n\t\t\t\t\t<\/div>\n\t\t\t\t<\/div>\n\t\t\t\t<\/div>\n\t\t","protected":false},"excerpt":{"rendered":"<p>Offrez un cadeau exceptionnel gr\u00e2ce \u00e0 ce coffret d\u00e9couverte, avec lequel la personne pourra tester nos cinq parfums et recevoir ensuite le flacon de 50ml de son choix !<\/p>\n","protected":false},"featured_media":1922,"template":"elementor_theme","meta":[],"product_brand":[],"product_cat":[30],"product_tag":[],"class_list":{"0":"post-1921","1":"product","2":"type-product","3":"status-publish","4":"has-post-thumbnail","6":"product_cat-parfums","8":"first","9":"instock","10":"taxable","11":"shipping-taxable","12":"purchasable","13":"product-type-simple"},"yoast_head":"<!-- This site is optimized with the Yoast SEO plugin v25.9 - https:\/\/yoast.com\/wordpress\/plugins\/seo\/ -->\n<title>Coffret d\u00e9couverte et bon cadeau pour un flacon de parfum de 50 ml - Re.sentir<\/title>\n<meta name=\"robots\" content=\"index, follow, max-snippet:-1, max-image-preview:large, max-video-preview:-1\" \/>\n<link rel=\"canonical\" href=\"https:\/\/re-sentir.be\/?product=coffret-decouverte-et-bon-cadeau-pour-un-parfum\" \/>\n<meta property=\"og:locale\" content=\"fr_FR\" \/>\n<meta property=\"og:type\" content=\"article\" \/>\n<meta property=\"og:title\" content=\"Coffret d\u00e9couverte et bon cadeau pour un flacon de parfum de 50 ml - Re.sentir\" \/>\n<meta property=\"og:description\" content=\"Offrez un cadeau exceptionnel gr\u00e2ce \u00e0 ce coffret d\u00e9couverte, avec lequel la personne pourra tester nos cinq parfums et recevoir ensuite le flacon de 50ml de son choix !\" \/>\n<meta property=\"og:url\" content=\"https:\/\/re-sentir.be\/?product=coffret-decouverte-et-bon-cadeau-pour-un-parfum\" \/>\n<meta property=\"og:site_name\" content=\"Re.sentir\" \/>\n<meta property=\"article:modified_time\" content=\"2026-02-19T12:56:57+00:00\" \/>\n<meta property=\"og:image\" content=\"https:\/\/re-sentir.be\/wp-content\/uploads\/2025\/12\/IMG_20251208_155959-scaled.jpg\" \/>\n\t<meta property=\"og:image:width\" content=\"1920\" \/>\n\t<meta property=\"og:image:height\" content=\"2560\" \/>\n\t<meta property=\"og:image:type\" content=\"image\/jpeg\" \/>\n<meta name=\"twitter:card\" content=\"summary_large_image\" \/>\n<meta name=\"twitter:label1\" content=\"Dur\u00e9e de lecture est.\" \/>\n\t<meta name=\"twitter:data1\" content=\"2 minutes\" \/>\n<script type=\"application\/ld+json\" class=\"yoast-schema-graph\">{\"@context\":\"https:\/\/schema.org\",\"@graph\":[{\"@type\":\"WebPage\",\"@id\":\"https:\/\/re-sentir.be\/?product=coffret-decouverte-et-bon-cadeau-pour-un-parfum\",\"url\":\"https:\/\/re-sentir.be\/?product=coffret-decouverte-et-bon-cadeau-pour-un-parfum\",\"name\":\"Coffret d\u00e9couverte et bon cadeau pour un flacon de parfum de 50 ml - Re.sentir\",\"isPartOf\":{\"@id\":\"https:\/\/re-sentir.be\/#website\"},\"primaryImageOfPage\":{\"@id\":\"https:\/\/re-sentir.be\/?product=coffret-decouverte-et-bon-cadeau-pour-un-parfum#primaryimage\"},\"image\":{\"@id\":\"https:\/\/re-sentir.be\/?product=coffret-decouverte-et-bon-cadeau-pour-un-parfum#primaryimage\"},\"thumbnailUrl\":\"https:\/\/re-sentir.be\/wp-content\/uploads\/2025\/12\/IMG_20251208_155959-scaled.jpg\",\"datePublished\":\"2025-12-08T15:22:44+00:00\",\"dateModified\":\"2026-02-19T12:56:57+00:00\",\"breadcrumb\":{\"@id\":\"https:\/\/re-sentir.be\/?product=coffret-decouverte-et-bon-cadeau-pour-un-parfum#breadcrumb\"},\"inLanguage\":\"fr-BE\",\"potentialAction\":[{\"@type\":\"ReadAction\",\"target\":[\"https:\/\/re-sentir.be\/?product=coffret-decouverte-et-bon-cadeau-pour-un-parfum\"]}]},{\"@type\":\"ImageObject\",\"inLanguage\":\"fr-BE\",\"@id\":\"https:\/\/re-sentir.be\/?product=coffret-decouverte-et-bon-cadeau-pour-un-parfum#primaryimage\",\"url\":\"https:\/\/re-sentir.be\/wp-content\/uploads\/2025\/12\/IMG_20251208_155959-scaled.jpg\",\"contentUrl\":\"https:\/\/re-sentir.be\/wp-content\/uploads\/2025\/12\/IMG_20251208_155959-scaled.jpg\",\"width\":1920,\"height\":2560},{\"@type\":\"BreadcrumbList\",\"@id\":\"https:\/\/re-sentir.be\/?product=coffret-decouverte-et-bon-cadeau-pour-un-parfum#breadcrumb\",\"itemListElement\":[{\"@type\":\"ListItem\",\"position\":1,\"name\":\"Accueil\",\"item\":\"https:\/\/re-sentir.be\/\"},{\"@type\":\"ListItem\",\"position\":2,\"name\":\"Boutique\",\"item\":\"https:\/\/re-sentir.be\/?page_id=364\"},{\"@type\":\"ListItem\",\"position\":3,\"name\":\"Coffret d\u00e9couverte et bon cadeau pour un flacon de parfum de 50 ml\"}]},{\"@type\":\"WebSite\",\"@id\":\"https:\/\/re-sentir.be\/#website\",\"url\":\"https:\/\/re-sentir.be\/\",\"name\":\"Re-Sentir\",\"description\":\"Parfums authentiques\",\"publisher\":{\"@id\":\"https:\/\/re-sentir.be\/#organization\"},\"potentialAction\":[{\"@type\":\"SearchAction\",\"target\":{\"@type\":\"EntryPoint\",\"urlTemplate\":\"https:\/\/re-sentir.be\/?s={search_term_string}\"},\"query-input\":{\"@type\":\"PropertyValueSpecification\",\"valueRequired\":true,\"valueName\":\"search_term_string\"}}],\"inLanguage\":\"fr-BE\"},{\"@type\":\"Organization\",\"@id\":\"https:\/\/re-sentir.be\/#organization\",\"name\":\"Re-Sentir\",\"url\":\"https:\/\/re-sentir.be\/\",\"logo\":{\"@type\":\"ImageObject\",\"inLanguage\":\"fr-BE\",\"@id\":\"https:\/\/re-sentir.be\/#\/schema\/logo\/image\/\",\"url\":\"https:\/\/re-sentir.be\/wp-content\/uploads\/2025\/02\/resentir_logo_100x100_72pp.png\",\"contentUrl\":\"https:\/\/re-sentir.be\/wp-content\/uploads\/2025\/02\/resentir_logo_100x100_72pp.png\",\"width\":44,\"height\":34,\"caption\":\"Re-Sentir\"},\"image\":{\"@id\":\"https:\/\/re-sentir.be\/#\/schema\/logo\/image\/\"}}]}<\/script>\n<!-- \/ Yoast SEO plugin. -->","yoast_head_json":{"title":"Coffret d\u00e9couverte et bon cadeau pour un flacon de parfum de 50 ml - Re.sentir","robots":{"index":"index","follow":"follow","max-snippet":"max-snippet:-1","max-image-preview":"max-image-preview:large","max-video-preview":"max-video-preview:-1"},"canonical":"https:\/\/re-sentir.be\/?product=coffret-decouverte-et-bon-cadeau-pour-un-parfum","og_locale":"fr_FR","og_type":"article","og_title":"Coffret d\u00e9couverte et bon cadeau pour un flacon de parfum de 50 ml - Re.sentir","og_description":"Offrez un cadeau exceptionnel gr\u00e2ce \u00e0 ce coffret d\u00e9couverte, avec lequel la personne pourra tester nos cinq parfums et recevoir ensuite le flacon de 50ml de son choix !","og_url":"https:\/\/re-sentir.be\/?product=coffret-decouverte-et-bon-cadeau-pour-un-parfum","og_site_name":"Re.sentir","article_modified_time":"2026-02-19T12:56:57+00:00","og_image":[{"width":1920,"height":2560,"url":"https:\/\/re-sentir.be\/wp-content\/uploads\/2025\/12\/IMG_20251208_155959-scaled.jpg","type":"image\/jpeg"}],"twitter_card":"summary_large_image","twitter_misc":{"Dur\u00e9e de lecture est.":"2 minutes"},"schema":{"@context":"https:\/\/schema.org","@graph":[{"@type":"WebPage","@id":"https:\/\/re-sentir.be\/?product=coffret-decouverte-et-bon-cadeau-pour-un-parfum","url":"https:\/\/re-sentir.be\/?product=coffret-decouverte-et-bon-cadeau-pour-un-parfum","name":"Coffret d\u00e9couverte et bon cadeau pour un flacon de parfum de 50 ml - Re.sentir","isPartOf":{"@id":"https:\/\/re-sentir.be\/#website"},"primaryImageOfPage":{"@id":"https:\/\/re-sentir.be\/?product=coffret-decouverte-et-bon-cadeau-pour-un-parfum#primaryimage"},"image":{"@id":"https:\/\/re-sentir.be\/?product=coffret-decouverte-et-bon-cadeau-pour-un-parfum#primaryimage"},"thumbnailUrl":"https:\/\/re-sentir.be\/wp-content\/uploads\/2025\/12\/IMG_20251208_155959-scaled.jpg","datePublished":"2025-12-08T15:22:44+00:00","dateModified":"2026-02-19T12:56:57+00:00","breadcrumb":{"@id":"https:\/\/re-sentir.be\/?product=coffret-decouverte-et-bon-cadeau-pour-un-parfum#breadcrumb"},"inLanguage":"fr-BE","potentialAction":[{"@type":"ReadAction","target":["https:\/\/re-sentir.be\/?product=coffret-decouverte-et-bon-cadeau-pour-un-parfum"]}]},{"@type":"ImageObject","inLanguage":"fr-BE","@id":"https:\/\/re-sentir.be\/?product=coffret-decouverte-et-bon-cadeau-pour-un-parfum#primaryimage","url":"https:\/\/re-sentir.be\/wp-content\/uploads\/2025\/12\/IMG_20251208_155959-scaled.jpg","contentUrl":"https:\/\/re-sentir.be\/wp-content\/uploads\/2025\/12\/IMG_20251208_155959-scaled.jpg","width":1920,"height":2560},{"@type":"BreadcrumbList","@id":"https:\/\/re-sentir.be\/?product=coffret-decouverte-et-bon-cadeau-pour-un-parfum#breadcrumb","itemListElement":[{"@type":"ListItem","position":1,"name":"Accueil","item":"https:\/\/re-sentir.be\/"},{"@type":"ListItem","position":2,"name":"Boutique","item":"https:\/\/re-sentir.be\/?page_id=364"},{"@type":"ListItem","position":3,"name":"Coffret d\u00e9couverte et bon cadeau pour un flacon de parfum de 50 ml"}]},{"@type":"WebSite","@id":"https:\/\/re-sentir.be\/#website","url":"https:\/\/re-sentir.be\/","name":"Re-Sentir","description":"Parfums authentiques","publisher":{"@id":"https:\/\/re-sentir.be\/#organization"},"potentialAction":[{"@type":"SearchAction","target":{"@type":"EntryPoint","urlTemplate":"https:\/\/re-sentir.be\/?s={search_term_string}"},"query-input":{"@type":"PropertyValueSpecification","valueRequired":true,"valueName":"search_term_string"}}],"inLanguage":"fr-BE"},{"@type":"Organization","@id":"https:\/\/re-sentir.be\/#organization","name":"Re-Sentir","url":"https:\/\/re-sentir.be\/","logo":{"@type":"ImageObject","inLanguage":"fr-BE","@id":"https:\/\/re-sentir.be\/#\/schema\/logo\/image\/","url":"https:\/\/re-sentir.be\/wp-content\/uploads\/2025\/02\/resentir_logo_100x100_72pp.png","contentUrl":"https:\/\/re-sentir.be\/wp-content\/uploads\/2025\/02\/resentir_logo_100x100_72pp.png","width":44,"height":34,"caption":"Re-Sentir"},"image":{"@id":"https:\/\/re-sentir.be\/#\/schema\/logo\/image\/"}}]}},"_links":{"self":[{"href":"https:\/\/re-sentir.be\/index.php?rest_route=\/wp\/v2\/product\/1921","targetHints":{"allow":["GET"]}}],"collection":[{"href":"https:\/\/re-sentir.be\/index.php?rest_route=\/wp\/v2\/product"}],"about":[{"href":"https:\/\/re-sentir.be\/index.php?rest_route=\/wp\/v2\/types\/product"}],"version-history":[{"count":8,"href":"https:\/\/re-sentir.be\/index.php?rest_route=\/wp\/v2\/product\/1921\/revisions"}],"predecessor-version":[{"id":2011,"href":"https:\/\/re-sentir.be\/index.php?rest_route=\/wp\/v2\/product\/1921\/revisions\/2011"}],"wp:featuredmedia":[{"embeddable":true,"href":"https:\/\/re-sentir.be\/index.php?rest_route=\/wp\/v2\/media\/1922"}],"wp:attachment":[{"href":"https:\/\/re-sentir.be\/index.php?rest_route=%2Fwp%2Fv2%2Fmedia&parent=1921"}],"wp:term":[{"taxonomy":"product_brand","embeddable":true,"href":"https:\/\/re-sentir.be\/index.php?rest_route=%2Fwp%2Fv2%2Fproduct_brand&post=1921"},{"taxonomy":"product_cat","embeddable":true,"href":"https:\/\/re-sentir.be\/index.php?rest_route=%2Fwp%2Fv2%2Fproduct_cat&post=1921"},{"taxonomy":"product_tag","embeddable":true,"href":"https:\/\/re-sentir.be\/index.php?rest_route=%2Fwp%2Fv2%2Fproduct_tag&post=1921"}],"curies":[{"name":"wp","href":"https:\/\/api.w.org\/{rel}","templated":true}]}}