{"id":1989,"date":"2025-12-09T14:27:31","date_gmt":"2025-12-09T13:27:31","guid":{"rendered":"https:\/\/re-sentir.be\/?post_type=product&#038;p=1989"},"modified":"2025-12-09T14:33:08","modified_gmt":"2025-12-09T13:33:08","slug":"coffret-decouverte-2","status":"publish","type":"product","link":"https:\/\/re-sentir.be\/?product=coffret-decouverte-2","title":{"rendered":"Coffret d\u00e9couverte"},"content":{"rendered":"\t\t<div data-elementor-type=\"wp-post\" data-elementor-id=\"1989\" class=\"elementor elementor-1989\">\n\t\t\t\t<div class=\"elementor-element elementor-element-30a6a0e e-flex e-con-boxed e-con e-parent\" data-id=\"30a6a0e\" data-element_type=\"container\">\n\t\t\t\t\t<div class=\"e-con-inner\">\n\t\t<div class=\"elementor-element elementor-element-f5ea6a6 e-con-full e-flex e-con e-child\" data-id=\"f5ea6a6\" data-element_type=\"container\">\n\t\t\t\t<div class=\"elementor-element elementor-element-43e8a7b elementor-widget elementor-widget-text-editor\" data-id=\"43e8a7b\" data-element_type=\"widget\" data-widget_type=\"text-editor.default\">\n\t\t\t\t<div class=\"elementor-widget-container\">\n\t\t\t\t\t\t\t\t\t<p style=\"text-align: center;\"><span style=\"color: #99cc00;\"><span style=\"color: #003366;\">\u2665<\/span>\u00a0<\/span> <strong>Contenu<\/strong><\/p><p>Le coffret contient les cinq parfums en petite quantit\u00e9 : Ros\u00e9e du matin, Dans la for\u00eat, Passionn\u00e9ment, Solstice d\u2019\u00e9t\u00e9 et Chapelle Sixtine.<\/p>\t\t\t\t\t\t\t\t<\/div>\n\t\t\t\t<\/div>\n\t\t\t\t<\/div>\n\t\t<div class=\"elementor-element elementor-element-49dbf91 e-con-full e-flex e-con e-child\" data-id=\"49dbf91\" data-element_type=\"container\">\n\t\t\t\t<div class=\"elementor-element elementor-element-7895ce4 elementor-widget elementor-widget-text-editor\" data-id=\"7895ce4\" data-element_type=\"widget\" data-widget_type=\"text-editor.default\">\n\t\t\t\t<div class=\"elementor-widget-container\">\n\t\t\t\t\t\t\t\t\t<p style=\"text-align: center;\"><span style=\"color: #99cc00;\"><span style=\"color: #003366;\">\u2665<\/span>\u00a0<\/span> <strong>Composition :<\/strong><\/p><p>Alcool de bl\u00e9 biologique non d\u00e9natur\u00e9, parfum (compos\u00e9 uniquement des huiles essentielles, absolues et concr\u00e8tes).<\/p><p>Voir le d\u00e9tail par article.<\/p>\t\t\t\t\t\t\t\t<\/div>\n\t\t\t\t<\/div>\n\t\t\t\t<\/div>\n\t\t<div class=\"elementor-element elementor-element-365a3f1 e-con-full e-flex e-con e-child\" data-id=\"365a3f1\" data-element_type=\"container\">\n\t\t\t\t<div class=\"elementor-element elementor-element-95cf59f elementor-widget elementor-widget-text-editor\" data-id=\"95cf59f\" data-element_type=\"widget\" data-widget_type=\"text-editor.default\">\n\t\t\t\t<div class=\"elementor-widget-container\">\n\t\t\t\t\t\t\t\t\t<p style=\"text-align: center;\"><span style=\"color: #000080;\">\u2665<\/span>\u00a0\u00a0<strong>Pr\u00e9cautions :<\/strong><\/p><p style=\"text-align: center;\">Pour adultes (hors grossesse et allaitement) et enfants de plus de 10 ans. Ne pas avaler. En cas d\u2019irritation de la peau, arr\u00eater l\u2019utilisation. \u00c9viter le contact avec les yeux.\u00a0 Inflammable.<\/p>\t\t\t\t\t\t\t\t<\/div>\n\t\t\t\t<\/div>\n\t\t\t\t<\/div>\n\t\t<div class=\"elementor-element elementor-element-ca50ed6 e-con-full e-flex e-con e-child\" data-id=\"ca50ed6\" data-element_type=\"container\">\n\t\t\t\t<div class=\"elementor-element elementor-element-3f6ef46 elementor-widget elementor-widget-text-editor\" data-id=\"3f6ef46\" data-element_type=\"widget\" data-widget_type=\"text-editor.default\">\n\t\t\t\t<div class=\"elementor-widget-container\">\n\t\t\t\t\t\t\t\t\t<p style=\"text-align: center;\"><span style=\"color: #003366;\"><strong>\u2665 <\/strong><\/span><strong><span style=\"vertical-align: inherit;\">Contenance :<\/span><\/strong><\/p><p><strong>Echantillons de 2.5ml<\/strong>\u00a0: Chaque parfum est pr\u00e9sent\u00e9 dans un mini spray en verre, repris dans un petit coffret.<\/p>\t\t\t\t\t\t\t\t<\/div>\n\t\t\t\t<\/div>\n\t\t\t\t<\/div>\n\t\t<div class=\"elementor-element elementor-element-7c2ec50 e-con-full e-flex e-con e-child\" data-id=\"7c2ec50\" data-element_type=\"container\">\n\t\t\t\t<div class=\"elementor-element elementor-element-ca6487a elementor-widget elementor-widget-text-editor\" data-id=\"ca6487a\" data-element_type=\"widget\" data-widget_type=\"text-editor.default\">\n\t\t\t\t<div class=\"elementor-widget-container\">\n\t\t\t\t\t\t\t\t\t<p style=\"text-align: center;\"><strong><span style=\"color: #003366;\">\u2665<\/span> Utilisation \/ conservation :<\/strong><\/p><p>Vaporiser cou ou poignets par exemple. Alternativement un mouchoir, un foulard, le bout des cheveux,\u2026 Conserver \u00e0 l\u2019abri de la chaleur et de la lumi\u00e8re. PAO : Le parfum conserve 2 ans apr\u00e8s ouverture.<\/p>\t\t\t\t\t\t\t\t<\/div>\n\t\t\t\t<\/div>\n\t\t\t\t<\/div>\n\t\t<div class=\"elementor-element elementor-element-c96c44f e-con-full e-flex e-con e-child\" data-id=\"c96c44f\" data-element_type=\"container\">\n\t\t\t\t<div class=\"elementor-element elementor-element-3b7be9d elementor-widget elementor-widget-text-editor\" data-id=\"3b7be9d\" data-element_type=\"widget\" data-widget_type=\"text-editor.default\">\n\t\t\t\t<div class=\"elementor-widget-container\">\n\t\t\t\t\t\t\t\t\t<p style=\"text-align: center;\"><strong><span style=\"color: #003366;\">\u2665<\/span> Parfum 100% naturel :<\/strong><\/p><p>Tous les parfums sont concentr\u00e9s \u00e0 18%, non genr\u00e9s et constitu\u00e9s \u00e0 100% de mol\u00e9cules naturelles. Sans colorant, sans perturbateur endocrinien, sans anti-UV, sans mol\u00e9cule de synth\u00e8se.<\/p>\t\t\t\t\t\t\t\t<\/div>\n\t\t\t\t<\/div>\n\t\t\t\t<\/div>\n\t\t\t\t\t<\/div>\n\t\t\t\t<\/div>\n\t\t\t\t<\/div>\n\t\t","protected":false},"excerpt":{"rendered":"<p><em>\u00ab\u00a0Cinq accords uniques, \u00e0 d\u00e9couvrir gr\u00e2ce \u00e0 ce magnifique coffret. Id\u00e9al pour offrir, ou pour se d\u00e9cider. Pour le plaisir des sens.\u00a0\u00bb<\/em><\/p>\n","protected":false},"featured_media":1448,"template":"elementor_theme","meta":[],"product_brand":[],"product_cat":[30],"product_tag":[],"class_list":{"0":"post-1989","1":"product","2":"type-product","3":"status-publish","4":"has-post-thumbnail","6":"product_cat-parfums","8":"first","9":"instock","10":"taxable","11":"shipping-taxable","12":"purchasable","13":"product-type-simple"},"yoast_head":"<!-- This site is optimized with the Yoast SEO plugin v25.9 - https:\/\/yoast.com\/wordpress\/plugins\/seo\/ -->\n<title>Coffret d\u00e9couverte - Re.sentir<\/title>\n<meta name=\"robots\" content=\"index, follow, max-snippet:-1, max-image-preview:large, max-video-preview:-1\" \/>\n<link rel=\"canonical\" href=\"https:\/\/re-sentir.be\/?product=coffret-decouverte-2\" \/>\n<meta property=\"og:locale\" content=\"fr_FR\" \/>\n<meta property=\"og:type\" content=\"article\" \/>\n<meta property=\"og:title\" content=\"Coffret d\u00e9couverte - Re.sentir\" \/>\n<meta property=\"og:description\" content=\"\u00ab\u00a0Cinq accords uniques, \u00e0 d\u00e9couvrir gr\u00e2ce \u00e0 ce magnifique coffret. Id\u00e9al pour offrir, ou pour se d\u00e9cider. Pour le plaisir des sens.\u00a0\u00bb\" \/>\n<meta property=\"og:url\" content=\"https:\/\/re-sentir.be\/?product=coffret-decouverte-2\" \/>\n<meta property=\"og:site_name\" content=\"Re.sentir\" \/>\n<meta property=\"article:modified_time\" content=\"2025-12-09T13:33:08+00:00\" \/>\n<meta property=\"og:image\" content=\"https:\/\/re-sentir.be\/wp-content\/uploads\/2025\/09\/IMG_20250915_233529-scaled.jpg\" \/>\n\t<meta property=\"og:image:width\" content=\"1920\" \/>\n\t<meta property=\"og:image:height\" content=\"2560\" \/>\n\t<meta property=\"og:image:type\" content=\"image\/jpeg\" \/>\n<meta name=\"twitter:card\" content=\"summary_large_image\" \/>\n<meta name=\"twitter:label1\" content=\"Dur\u00e9e de lecture est.\" \/>\n\t<meta name=\"twitter:data1\" content=\"1 minute\" \/>\n<script type=\"application\/ld+json\" class=\"yoast-schema-graph\">{\"@context\":\"https:\/\/schema.org\",\"@graph\":[{\"@type\":\"WebPage\",\"@id\":\"https:\/\/re-sentir.be\/?product=coffret-decouverte-2\",\"url\":\"https:\/\/re-sentir.be\/?product=coffret-decouverte-2\",\"name\":\"Coffret d\u00e9couverte - Re.sentir\",\"isPartOf\":{\"@id\":\"https:\/\/re-sentir.be\/#website\"},\"primaryImageOfPage\":{\"@id\":\"https:\/\/re-sentir.be\/?product=coffret-decouverte-2#primaryimage\"},\"image\":{\"@id\":\"https:\/\/re-sentir.be\/?product=coffret-decouverte-2#primaryimage\"},\"thumbnailUrl\":\"https:\/\/re-sentir.be\/wp-content\/uploads\/2025\/09\/IMG_20250915_233529-scaled.jpg\",\"datePublished\":\"2025-12-09T13:27:31+00:00\",\"dateModified\":\"2025-12-09T13:33:08+00:00\",\"breadcrumb\":{\"@id\":\"https:\/\/re-sentir.be\/?product=coffret-decouverte-2#breadcrumb\"},\"inLanguage\":\"fr-BE\",\"potentialAction\":[{\"@type\":\"ReadAction\",\"target\":[\"https:\/\/re-sentir.be\/?product=coffret-decouverte-2\"]}]},{\"@type\":\"ImageObject\",\"inLanguage\":\"fr-BE\",\"@id\":\"https:\/\/re-sentir.be\/?product=coffret-decouverte-2#primaryimage\",\"url\":\"https:\/\/re-sentir.be\/wp-content\/uploads\/2025\/09\/IMG_20250915_233529-scaled.jpg\",\"contentUrl\":\"https:\/\/re-sentir.be\/wp-content\/uploads\/2025\/09\/IMG_20250915_233529-scaled.jpg\",\"width\":1920,\"height\":2560,\"caption\":\"Re.sentir - Echantillons - Couverture\"},{\"@type\":\"BreadcrumbList\",\"@id\":\"https:\/\/re-sentir.be\/?product=coffret-decouverte-2#breadcrumb\",\"itemListElement\":[{\"@type\":\"ListItem\",\"position\":1,\"name\":\"Accueil\",\"item\":\"https:\/\/re-sentir.be\/\"},{\"@type\":\"ListItem\",\"position\":2,\"name\":\"Boutique\",\"item\":\"https:\/\/re-sentir.be\/?page_id=364\"},{\"@type\":\"ListItem\",\"position\":3,\"name\":\"Coffret d\u00e9couverte\"}]},{\"@type\":\"WebSite\",\"@id\":\"https:\/\/re-sentir.be\/#website\",\"url\":\"https:\/\/re-sentir.be\/\",\"name\":\"Re-Sentir\",\"description\":\"Parfums authentiques\",\"publisher\":{\"@id\":\"https:\/\/re-sentir.be\/#organization\"},\"potentialAction\":[{\"@type\":\"SearchAction\",\"target\":{\"@type\":\"EntryPoint\",\"urlTemplate\":\"https:\/\/re-sentir.be\/?s={search_term_string}\"},\"query-input\":{\"@type\":\"PropertyValueSpecification\",\"valueRequired\":true,\"valueName\":\"search_term_string\"}}],\"inLanguage\":\"fr-BE\"},{\"@type\":\"Organization\",\"@id\":\"https:\/\/re-sentir.be\/#organization\",\"name\":\"Re-Sentir\",\"url\":\"https:\/\/re-sentir.be\/\",\"logo\":{\"@type\":\"ImageObject\",\"inLanguage\":\"fr-BE\",\"@id\":\"https:\/\/re-sentir.be\/#\/schema\/logo\/image\/\",\"url\":\"https:\/\/re-sentir.be\/wp-content\/uploads\/2025\/02\/resentir_logo_100x100_72pp.png\",\"contentUrl\":\"https:\/\/re-sentir.be\/wp-content\/uploads\/2025\/02\/resentir_logo_100x100_72pp.png\",\"width\":44,\"height\":34,\"caption\":\"Re-Sentir\"},\"image\":{\"@id\":\"https:\/\/re-sentir.be\/#\/schema\/logo\/image\/\"}}]}<\/script>\n<!-- \/ Yoast SEO plugin. -->","yoast_head_json":{"title":"Coffret d\u00e9couverte - Re.sentir","robots":{"index":"index","follow":"follow","max-snippet":"max-snippet:-1","max-image-preview":"max-image-preview:large","max-video-preview":"max-video-preview:-1"},"canonical":"https:\/\/re-sentir.be\/?product=coffret-decouverte-2","og_locale":"fr_FR","og_type":"article","og_title":"Coffret d\u00e9couverte - Re.sentir","og_description":"\u00ab\u00a0Cinq accords uniques, \u00e0 d\u00e9couvrir gr\u00e2ce \u00e0 ce magnifique coffret. Id\u00e9al pour offrir, ou pour se d\u00e9cider. Pour le plaisir des sens.\u00a0\u00bb","og_url":"https:\/\/re-sentir.be\/?product=coffret-decouverte-2","og_site_name":"Re.sentir","article_modified_time":"2025-12-09T13:33:08+00:00","og_image":[{"width":1920,"height":2560,"url":"https:\/\/re-sentir.be\/wp-content\/uploads\/2025\/09\/IMG_20250915_233529-scaled.jpg","type":"image\/jpeg"}],"twitter_card":"summary_large_image","twitter_misc":{"Dur\u00e9e de lecture est.":"1 minute"},"schema":{"@context":"https:\/\/schema.org","@graph":[{"@type":"WebPage","@id":"https:\/\/re-sentir.be\/?product=coffret-decouverte-2","url":"https:\/\/re-sentir.be\/?product=coffret-decouverte-2","name":"Coffret d\u00e9couverte - Re.sentir","isPartOf":{"@id":"https:\/\/re-sentir.be\/#website"},"primaryImageOfPage":{"@id":"https:\/\/re-sentir.be\/?product=coffret-decouverte-2#primaryimage"},"image":{"@id":"https:\/\/re-sentir.be\/?product=coffret-decouverte-2#primaryimage"},"thumbnailUrl":"https:\/\/re-sentir.be\/wp-content\/uploads\/2025\/09\/IMG_20250915_233529-scaled.jpg","datePublished":"2025-12-09T13:27:31+00:00","dateModified":"2025-12-09T13:33:08+00:00","breadcrumb":{"@id":"https:\/\/re-sentir.be\/?product=coffret-decouverte-2#breadcrumb"},"inLanguage":"fr-BE","potentialAction":[{"@type":"ReadAction","target":["https:\/\/re-sentir.be\/?product=coffret-decouverte-2"]}]},{"@type":"ImageObject","inLanguage":"fr-BE","@id":"https:\/\/re-sentir.be\/?product=coffret-decouverte-2#primaryimage","url":"https:\/\/re-sentir.be\/wp-content\/uploads\/2025\/09\/IMG_20250915_233529-scaled.jpg","contentUrl":"https:\/\/re-sentir.be\/wp-content\/uploads\/2025\/09\/IMG_20250915_233529-scaled.jpg","width":1920,"height":2560,"caption":"Re.sentir - Echantillons - Couverture"},{"@type":"BreadcrumbList","@id":"https:\/\/re-sentir.be\/?product=coffret-decouverte-2#breadcrumb","itemListElement":[{"@type":"ListItem","position":1,"name":"Accueil","item":"https:\/\/re-sentir.be\/"},{"@type":"ListItem","position":2,"name":"Boutique","item":"https:\/\/re-sentir.be\/?page_id=364"},{"@type":"ListItem","position":3,"name":"Coffret d\u00e9couverte"}]},{"@type":"WebSite","@id":"https:\/\/re-sentir.be\/#website","url":"https:\/\/re-sentir.be\/","name":"Re-Sentir","description":"Parfums authentiques","publisher":{"@id":"https:\/\/re-sentir.be\/#organization"},"potentialAction":[{"@type":"SearchAction","target":{"@type":"EntryPoint","urlTemplate":"https:\/\/re-sentir.be\/?s={search_term_string}"},"query-input":{"@type":"PropertyValueSpecification","valueRequired":true,"valueName":"search_term_string"}}],"inLanguage":"fr-BE"},{"@type":"Organization","@id":"https:\/\/re-sentir.be\/#organization","name":"Re-Sentir","url":"https:\/\/re-sentir.be\/","logo":{"@type":"ImageObject","inLanguage":"fr-BE","@id":"https:\/\/re-sentir.be\/#\/schema\/logo\/image\/","url":"https:\/\/re-sentir.be\/wp-content\/uploads\/2025\/02\/resentir_logo_100x100_72pp.png","contentUrl":"https:\/\/re-sentir.be\/wp-content\/uploads\/2025\/02\/resentir_logo_100x100_72pp.png","width":44,"height":34,"caption":"Re-Sentir"},"image":{"@id":"https:\/\/re-sentir.be\/#\/schema\/logo\/image\/"}}]}},"_links":{"self":[{"href":"https:\/\/re-sentir.be\/index.php?rest_route=\/wp\/v2\/product\/1989","targetHints":{"allow":["GET"]}}],"collection":[{"href":"https:\/\/re-sentir.be\/index.php?rest_route=\/wp\/v2\/product"}],"about":[{"href":"https:\/\/re-sentir.be\/index.php?rest_route=\/wp\/v2\/types\/product"}],"version-history":[{"count":4,"href":"https:\/\/re-sentir.be\/index.php?rest_route=\/wp\/v2\/product\/1989\/revisions"}],"predecessor-version":[{"id":1993,"href":"https:\/\/re-sentir.be\/index.php?rest_route=\/wp\/v2\/product\/1989\/revisions\/1993"}],"wp:featuredmedia":[{"embeddable":true,"href":"https:\/\/re-sentir.be\/index.php?rest_route=\/wp\/v2\/media\/1448"}],"wp:attachment":[{"href":"https:\/\/re-sentir.be\/index.php?rest_route=%2Fwp%2Fv2%2Fmedia&parent=1989"}],"wp:term":[{"taxonomy":"product_brand","embeddable":true,"href":"https:\/\/re-sentir.be\/index.php?rest_route=%2Fwp%2Fv2%2Fproduct_brand&post=1989"},{"taxonomy":"product_cat","embeddable":true,"href":"https:\/\/re-sentir.be\/index.php?rest_route=%2Fwp%2Fv2%2Fproduct_cat&post=1989"},{"taxonomy":"product_tag","embeddable":true,"href":"https:\/\/re-sentir.be\/index.php?rest_route=%2Fwp%2Fv2%2Fproduct_tag&post=1989"}],"curies":[{"name":"wp","href":"https:\/\/api.w.org\/{rel}","templated":true}]}}