{"id":251,"date":"2025-03-28T12:28:46","date_gmt":"2025-03-28T11:28:46","guid":{"rendered":"https:\/\/re-sentir.be\/?post_type=product&#038;p=251"},"modified":"2026-02-19T13:57:37","modified_gmt":"2026-02-19T12:57:37","slug":"rosee-du-matin","status":"publish","type":"product","link":"https:\/\/re-sentir.be\/?product=rosee-du-matin","title":{"rendered":"Ros\u00e9e du matin"},"content":{"rendered":"\t\t<div data-elementor-type=\"wp-post\" data-elementor-id=\"251\" class=\"elementor elementor-251\">\n\t\t\t\t<div class=\"elementor-element elementor-element-4d1ff95 e-flex e-con-boxed e-con e-parent\" data-id=\"4d1ff95\" data-element_type=\"container\">\n\t\t\t\t\t<div class=\"e-con-inner\">\n\t\t<div class=\"elementor-element elementor-element-1e2c251 e-con-full e-flex e-con e-child\" data-id=\"1e2c251\" data-element_type=\"container\">\n\t\t\t\t<div class=\"elementor-element elementor-element-d7fac06 elementor-widget elementor-widget-text-editor\" data-id=\"d7fac06\" data-element_type=\"widget\" data-widget_type=\"text-editor.default\">\n\t\t\t\t<div class=\"elementor-widget-container\">\n\t\t\t\t\t\t\t\t\t<p style=\"text-align: center;\"><span style=\"color: #99cc00;\"><span style=\"color: #ff99cc;\">\u2665<\/span>\u00a0<\/span> <strong>Accord floral foug\u00e8re :<\/strong><\/p><p><strong>T\u00eate<\/strong> : Lavande, aromates &amp; cassis<\/p><p><strong>C\u0153ur<\/strong> : Rose de Damas &amp; g\u00e9raniums<\/p><p><strong>Fond<\/strong> : Patchouli, absolue de ciste &amp; f\u00e8ves tonka<\/p>\t\t\t\t\t\t\t\t<\/div>\n\t\t\t\t<\/div>\n\t\t\t\t<\/div>\n\t\t<div class=\"elementor-element elementor-element-44f2422 e-con-full e-flex e-con e-child\" data-id=\"44f2422\" data-element_type=\"container\">\n\t\t\t\t<div class=\"elementor-element elementor-element-324f60d elementor-widget elementor-widget-text-editor\" data-id=\"324f60d\" data-element_type=\"widget\" data-widget_type=\"text-editor.default\">\n\t\t\t\t<div class=\"elementor-widget-container\">\n\t\t\t\t\t\t\t\t\t<p style=\"text-align: center;\"><span style=\"color: #99cc00;\"><span style=\"color: #ff99cc;\">\u2665<\/span>\u00a0<\/span> <strong>Composition :<\/strong><\/p>\n<p>Alcool de bl\u00e9 biologique non d\u00e9natur\u00e9, parfum (compos\u00e9 uniquement des huiles essentielles, absolues et concr\u00e8tes).<\/p>\n<p>Allerg\u00e8nes : voir ci-dessous.<\/p>\t\t\t\t\t\t\t\t<\/div>\n\t\t\t\t<\/div>\n\t\t\t\t<\/div>\n\t\t<div class=\"elementor-element elementor-element-963b179 e-con-full e-flex e-con e-child\" data-id=\"963b179\" data-element_type=\"container\">\n\t\t\t\t<div class=\"elementor-element elementor-element-76c6d5c elementor-widget elementor-widget-text-editor\" data-id=\"76c6d5c\" data-element_type=\"widget\" data-widget_type=\"text-editor.default\">\n\t\t\t\t<div class=\"elementor-widget-container\">\n\t\t\t\t\t\t\t\t\t<p style=\"text-align: center;\"><span style=\"color: #99cc00;\"><span style=\"color: #ff99cc;\">\u2665<\/span>\u00a0<\/span> <strong>Pr\u00e9cautions :<\/strong><\/p>\n<p><span style=\"color: #808080;\">Pour adultes et enfants de plus de 10 ans. Ne pas avaler. En cas d\u2019irritation de la peau, arr\u00eater l\u2019utilisation. \u00c9viter le contact avec les yeux.\u00a0 Inflammable.<\/span><\/p>\t\t\t\t\t\t\t\t<\/div>\n\t\t\t\t<\/div>\n\t\t\t\t<\/div>\n\t\t<div class=\"elementor-element elementor-element-29db09f e-con-full e-flex e-con e-child\" data-id=\"29db09f\" data-element_type=\"container\">\n\t\t\t\t<div class=\"elementor-element elementor-element-741bb58 elementor-widget elementor-widget-text-editor\" data-id=\"741bb58\" data-element_type=\"widget\" data-widget_type=\"text-editor.default\">\n\t\t\t\t<div class=\"elementor-widget-container\">\n\t\t\t\t\t\t\t\t\t<p style=\"text-align: center;\"><span style=\"color: #ff99cc;\"><strong>\u2665 <\/strong><\/span><strong><span style=\"vertical-align: inherit;\">Contenance :<\/span><\/strong><\/p>\n<p><strong><span style=\"vertical-align: inherit;\">Version 50 ML<\/span><\/strong><span style=\"vertical-align: inherit;\"> : Le parfum est pr\u00e9sent\u00e9 dans un flacon en verre, muni d&rsquo;un spray et d&rsquo;un capot en bois grav\u00e9. Le flacon est prot\u00e9g\u00e9 par une bo\u00eete en carton.<\/span><\/p>\t\t\t\t\t\t\t\t<\/div>\n\t\t\t\t<\/div>\n\t\t\t\t<\/div>\n\t\t<div class=\"elementor-element elementor-element-36726d1 e-con-full e-flex e-con e-child\" data-id=\"36726d1\" data-element_type=\"container\">\n\t\t\t\t<div class=\"elementor-element elementor-element-768257e elementor-widget elementor-widget-text-editor\" data-id=\"768257e\" data-element_type=\"widget\" data-widget_type=\"text-editor.default\">\n\t\t\t\t<div class=\"elementor-widget-container\">\n\t\t\t\t\t\t\t\t\t<p style=\"text-align: center;\"><strong><span style=\"color: #ff99cc;\">\u2665<\/span> Utilisation \/ conservation :<\/strong><\/p>\n<p>Vaporiser cou ou poignets par exemple. Alternativement un mouchoir, un foulard, le bout des cheveux,&#8230; Conserver \u00e0 l&rsquo;abri de la chaleur et de la lumi\u00e8re. PAO : Le parfum conserve 2 ans apr\u00e8s ouverture.<\/p>\t\t\t\t\t\t\t\t<\/div>\n\t\t\t\t<\/div>\n\t\t\t\t<\/div>\n\t\t<div class=\"elementor-element elementor-element-1659b01 e-con-full e-flex e-con e-child\" data-id=\"1659b01\" data-element_type=\"container\">\n\t\t\t\t<div class=\"elementor-element elementor-element-125a9c1 elementor-widget elementor-widget-text-editor\" data-id=\"125a9c1\" data-element_type=\"widget\" data-widget_type=\"text-editor.default\">\n\t\t\t\t<div class=\"elementor-widget-container\">\n\t\t\t\t\t\t\t\t\t<p style=\"text-align: center;\"><strong><span style=\"color: #ff99cc;\">\u2665<\/span> Parfum 100% naturel :<\/strong><\/p><p><span style=\"color: #808080;\">Ros\u00e9e du matin est un parfum concentr\u00e9 \u00e0 18%, non genr\u00e9 et constitu\u00e9 \u00e0 100% de mol\u00e9cules naturelles. Sans colorant, sans perturbateur endocrinien, sans anti-UV, sans mol\u00e9cule de synth\u00e8se.<\/span><\/p>\t\t\t\t\t\t\t\t<\/div>\n\t\t\t\t<\/div>\n\t\t\t\t<\/div>\n\t\t\t\t\t<\/div>\n\t\t\t\t<\/div>\n\t\t<div class=\"elementor-element elementor-element-12d11ce e-flex e-con-boxed e-con e-parent\" data-id=\"12d11ce\" data-element_type=\"container\">\n\t\t\t\t\t<div class=\"e-con-inner\">\n\t\t\t\t<div class=\"elementor-element elementor-element-bdae607 elementor-widget elementor-widget-text-editor\" data-id=\"bdae607\" data-element_type=\"widget\" data-widget_type=\"text-editor.default\">\n\t\t\t\t<div class=\"elementor-widget-container\">\n\t\t\t\t\t\t\t\t\t<p><strong>Allerg\u00e8nes des huiles essentielles :<\/strong> (la l\u00e9gislation europ\u00e9enne impose de lister 81 mati\u00e8res potentiellement allergisantes pour une partie de la population, mais sans danger pour les personnes non allergiques. Chaque recette est \u00e9valu\u00e9e au pr\u00e9alable par un toxicologue afin de v\u00e9rifier qu&rsquo;elle ne repr\u00e9sente aucun danger pour la sant\u00e9 et que les seuils des allerg\u00e8nes ne soient pas d\u00e9pass\u00e9s afin que le parfum puisse \u00eatre appliqu\u00e9 quotidiennement sur la peau.)\u00a0 : alphaterpinene, benzyl benzoate, beta caryophyllene, camphor, carvone, citral, citronellol, citrus aurantium bergamia peel oil, coumarin, eugenol, farnesol, geraniol, geranyl acetate, isoeugenol, laurus nobilis leaf oil, lavandula oil\/extract, limonene, linalool, linalyl acetate, menthol, pelargornium graveolens oil, pinene, pogostemon cablin oil, rose flower oil\/extract, terpineol, terpinolene.\u00a0 \u00a0<\/p>\t\t\t\t\t\t\t\t<\/div>\n\t\t\t\t<\/div>\n\t\t\t\t\t<\/div>\n\t\t\t\t<\/div>\n\t\t\t\t<\/div>\n\t\t","protected":false},"excerpt":{"rendered":"<h6 style=\"text-align: center;\"><span style=\"color: #333333;\"><em><span style=\"vertical-align: inherit;\">\u00ab\u00a0Ros\u00e9e du matin, c&rsquo;est un r\u00e9veil parmi des notes herbac\u00e9es, et une rose de Damas raffin\u00e9e, sur un fond de mousse verte et de patchouli. Fra\u00eecheur et l\u00e9g\u00e8ret\u00e9, telle une aube. A plat ventre dans l&rsquo;herbe haute encore humide, la promesse d&rsquo;une journ\u00e9e&#8230;\u00a0\u00bb<\/span><\/em><\/span><\/h6>\n","protected":false},"featured_media":1383,"template":"","meta":[],"product_brand":[],"product_cat":[30],"product_tag":[],"class_list":{"0":"post-251","1":"product","2":"type-product","3":"status-publish","4":"has-post-thumbnail","6":"product_cat-parfums","8":"first","9":"instock","10":"taxable","11":"shipping-taxable","12":"purchasable","13":"product-type-simple"},"yoast_head":"<!-- This site is optimized with the Yoast SEO plugin v25.9 - https:\/\/yoast.com\/wordpress\/plugins\/seo\/ -->\n<title>Ros\u00e9e du matin - Re.sentir<\/title>\n<meta name=\"robots\" content=\"index, follow, max-snippet:-1, max-image-preview:large, max-video-preview:-1\" \/>\n<link rel=\"canonical\" href=\"https:\/\/re-sentir.be\/?product=rosee-du-matin\" \/>\n<meta property=\"og:locale\" content=\"fr_FR\" \/>\n<meta property=\"og:type\" content=\"article\" \/>\n<meta property=\"og:title\" content=\"Ros\u00e9e du matin - Re.sentir\" \/>\n<meta property=\"og:description\" content=\"&quot;Ros\u00e9e du matin, c&#039;est un r\u00e9veil parmi des notes herbac\u00e9es, et une rose de Damas raffin\u00e9e, sur un fond de mousse verte et de patchouli. Fra\u00eecheur et l\u00e9g\u00e8ret\u00e9, telle une aube. A plat ventre dans l&#039;herbe haute encore humide, la promesse d&#039;une journ\u00e9e...&quot;\" \/>\n<meta property=\"og:url\" content=\"https:\/\/re-sentir.be\/?product=rosee-du-matin\" \/>\n<meta property=\"og:site_name\" content=\"Re.sentir\" \/>\n<meta property=\"article:modified_time\" content=\"2026-02-19T12:57:37+00:00\" \/>\n<meta property=\"og:image\" content=\"https:\/\/re-sentir.be\/wp-content\/uploads\/2025\/03\/IMG_20250917_010545.png\" \/>\n\t<meta property=\"og:image:width\" content=\"1013\" \/>\n\t<meta property=\"og:image:height\" content=\"1350\" \/>\n\t<meta property=\"og:image:type\" content=\"image\/png\" \/>\n<meta name=\"twitter:card\" content=\"summary_large_image\" \/>\n<meta name=\"twitter:label1\" content=\"Dur\u00e9e de lecture est.\" \/>\n\t<meta name=\"twitter:data1\" content=\"2 minutes\" \/>\n<script type=\"application\/ld+json\" class=\"yoast-schema-graph\">{\"@context\":\"https:\/\/schema.org\",\"@graph\":[{\"@type\":\"WebPage\",\"@id\":\"https:\/\/re-sentir.be\/?product=rosee-du-matin\",\"url\":\"https:\/\/re-sentir.be\/?product=rosee-du-matin\",\"name\":\"Ros\u00e9e du matin - Re.sentir\",\"isPartOf\":{\"@id\":\"https:\/\/re-sentir.be\/#website\"},\"primaryImageOfPage\":{\"@id\":\"https:\/\/re-sentir.be\/?product=rosee-du-matin#primaryimage\"},\"image\":{\"@id\":\"https:\/\/re-sentir.be\/?product=rosee-du-matin#primaryimage\"},\"thumbnailUrl\":\"https:\/\/re-sentir.be\/wp-content\/uploads\/2025\/03\/IMG_20250917_010545.png\",\"datePublished\":\"2025-03-28T11:28:46+00:00\",\"dateModified\":\"2026-02-19T12:57:37+00:00\",\"breadcrumb\":{\"@id\":\"https:\/\/re-sentir.be\/?product=rosee-du-matin#breadcrumb\"},\"inLanguage\":\"fr-BE\",\"potentialAction\":[{\"@type\":\"ReadAction\",\"target\":[\"https:\/\/re-sentir.be\/?product=rosee-du-matin\"]}]},{\"@type\":\"ImageObject\",\"inLanguage\":\"fr-BE\",\"@id\":\"https:\/\/re-sentir.be\/?product=rosee-du-matin#primaryimage\",\"url\":\"https:\/\/re-sentir.be\/wp-content\/uploads\/2025\/03\/IMG_20250917_010545.png\",\"contentUrl\":\"https:\/\/re-sentir.be\/wp-content\/uploads\/2025\/03\/IMG_20250917_010545.png\",\"width\":1013,\"height\":1350,\"caption\":\"Re.sentir - Ros\u00e9e du matin - Couverture\"},{\"@type\":\"BreadcrumbList\",\"@id\":\"https:\/\/re-sentir.be\/?product=rosee-du-matin#breadcrumb\",\"itemListElement\":[{\"@type\":\"ListItem\",\"position\":1,\"name\":\"Accueil\",\"item\":\"https:\/\/re-sentir.be\/\"},{\"@type\":\"ListItem\",\"position\":2,\"name\":\"Boutique\",\"item\":\"https:\/\/re-sentir.be\/?page_id=364\"},{\"@type\":\"ListItem\",\"position\":3,\"name\":\"Ros\u00e9e du matin\"}]},{\"@type\":\"WebSite\",\"@id\":\"https:\/\/re-sentir.be\/#website\",\"url\":\"https:\/\/re-sentir.be\/\",\"name\":\"Re-Sentir\",\"description\":\"Parfums authentiques\",\"publisher\":{\"@id\":\"https:\/\/re-sentir.be\/#organization\"},\"potentialAction\":[{\"@type\":\"SearchAction\",\"target\":{\"@type\":\"EntryPoint\",\"urlTemplate\":\"https:\/\/re-sentir.be\/?s={search_term_string}\"},\"query-input\":{\"@type\":\"PropertyValueSpecification\",\"valueRequired\":true,\"valueName\":\"search_term_string\"}}],\"inLanguage\":\"fr-BE\"},{\"@type\":\"Organization\",\"@id\":\"https:\/\/re-sentir.be\/#organization\",\"name\":\"Re-Sentir\",\"url\":\"https:\/\/re-sentir.be\/\",\"logo\":{\"@type\":\"ImageObject\",\"inLanguage\":\"fr-BE\",\"@id\":\"https:\/\/re-sentir.be\/#\/schema\/logo\/image\/\",\"url\":\"https:\/\/re-sentir.be\/wp-content\/uploads\/2025\/02\/resentir_logo_100x100_72pp.png\",\"contentUrl\":\"https:\/\/re-sentir.be\/wp-content\/uploads\/2025\/02\/resentir_logo_100x100_72pp.png\",\"width\":44,\"height\":34,\"caption\":\"Re-Sentir\"},\"image\":{\"@id\":\"https:\/\/re-sentir.be\/#\/schema\/logo\/image\/\"}}]}<\/script>\n<!-- \/ Yoast SEO plugin. -->","yoast_head_json":{"title":"Ros\u00e9e du matin - Re.sentir","robots":{"index":"index","follow":"follow","max-snippet":"max-snippet:-1","max-image-preview":"max-image-preview:large","max-video-preview":"max-video-preview:-1"},"canonical":"https:\/\/re-sentir.be\/?product=rosee-du-matin","og_locale":"fr_FR","og_type":"article","og_title":"Ros\u00e9e du matin - Re.sentir","og_description":"\"Ros\u00e9e du matin, c'est un r\u00e9veil parmi des notes herbac\u00e9es, et une rose de Damas raffin\u00e9e, sur un fond de mousse verte et de patchouli. Fra\u00eecheur et l\u00e9g\u00e8ret\u00e9, telle une aube. A plat ventre dans l'herbe haute encore humide, la promesse d'une journ\u00e9e...\"","og_url":"https:\/\/re-sentir.be\/?product=rosee-du-matin","og_site_name":"Re.sentir","article_modified_time":"2026-02-19T12:57:37+00:00","og_image":[{"width":1013,"height":1350,"url":"https:\/\/re-sentir.be\/wp-content\/uploads\/2025\/03\/IMG_20250917_010545.png","type":"image\/png"}],"twitter_card":"summary_large_image","twitter_misc":{"Dur\u00e9e de lecture est.":"2 minutes"},"schema":{"@context":"https:\/\/schema.org","@graph":[{"@type":"WebPage","@id":"https:\/\/re-sentir.be\/?product=rosee-du-matin","url":"https:\/\/re-sentir.be\/?product=rosee-du-matin","name":"Ros\u00e9e du matin - Re.sentir","isPartOf":{"@id":"https:\/\/re-sentir.be\/#website"},"primaryImageOfPage":{"@id":"https:\/\/re-sentir.be\/?product=rosee-du-matin#primaryimage"},"image":{"@id":"https:\/\/re-sentir.be\/?product=rosee-du-matin#primaryimage"},"thumbnailUrl":"https:\/\/re-sentir.be\/wp-content\/uploads\/2025\/03\/IMG_20250917_010545.png","datePublished":"2025-03-28T11:28:46+00:00","dateModified":"2026-02-19T12:57:37+00:00","breadcrumb":{"@id":"https:\/\/re-sentir.be\/?product=rosee-du-matin#breadcrumb"},"inLanguage":"fr-BE","potentialAction":[{"@type":"ReadAction","target":["https:\/\/re-sentir.be\/?product=rosee-du-matin"]}]},{"@type":"ImageObject","inLanguage":"fr-BE","@id":"https:\/\/re-sentir.be\/?product=rosee-du-matin#primaryimage","url":"https:\/\/re-sentir.be\/wp-content\/uploads\/2025\/03\/IMG_20250917_010545.png","contentUrl":"https:\/\/re-sentir.be\/wp-content\/uploads\/2025\/03\/IMG_20250917_010545.png","width":1013,"height":1350,"caption":"Re.sentir - Ros\u00e9e du matin - Couverture"},{"@type":"BreadcrumbList","@id":"https:\/\/re-sentir.be\/?product=rosee-du-matin#breadcrumb","itemListElement":[{"@type":"ListItem","position":1,"name":"Accueil","item":"https:\/\/re-sentir.be\/"},{"@type":"ListItem","position":2,"name":"Boutique","item":"https:\/\/re-sentir.be\/?page_id=364"},{"@type":"ListItem","position":3,"name":"Ros\u00e9e du matin"}]},{"@type":"WebSite","@id":"https:\/\/re-sentir.be\/#website","url":"https:\/\/re-sentir.be\/","name":"Re-Sentir","description":"Parfums authentiques","publisher":{"@id":"https:\/\/re-sentir.be\/#organization"},"potentialAction":[{"@type":"SearchAction","target":{"@type":"EntryPoint","urlTemplate":"https:\/\/re-sentir.be\/?s={search_term_string}"},"query-input":{"@type":"PropertyValueSpecification","valueRequired":true,"valueName":"search_term_string"}}],"inLanguage":"fr-BE"},{"@type":"Organization","@id":"https:\/\/re-sentir.be\/#organization","name":"Re-Sentir","url":"https:\/\/re-sentir.be\/","logo":{"@type":"ImageObject","inLanguage":"fr-BE","@id":"https:\/\/re-sentir.be\/#\/schema\/logo\/image\/","url":"https:\/\/re-sentir.be\/wp-content\/uploads\/2025\/02\/resentir_logo_100x100_72pp.png","contentUrl":"https:\/\/re-sentir.be\/wp-content\/uploads\/2025\/02\/resentir_logo_100x100_72pp.png","width":44,"height":34,"caption":"Re-Sentir"},"image":{"@id":"https:\/\/re-sentir.be\/#\/schema\/logo\/image\/"}}]}},"_links":{"self":[{"href":"https:\/\/re-sentir.be\/index.php?rest_route=\/wp\/v2\/product\/251","targetHints":{"allow":["GET"]}}],"collection":[{"href":"https:\/\/re-sentir.be\/index.php?rest_route=\/wp\/v2\/product"}],"about":[{"href":"https:\/\/re-sentir.be\/index.php?rest_route=\/wp\/v2\/types\/product"}],"version-history":[{"count":21,"href":"https:\/\/re-sentir.be\/index.php?rest_route=\/wp\/v2\/product\/251\/revisions"}],"predecessor-version":[{"id":1835,"href":"https:\/\/re-sentir.be\/index.php?rest_route=\/wp\/v2\/product\/251\/revisions\/1835"}],"wp:featuredmedia":[{"embeddable":true,"href":"https:\/\/re-sentir.be\/index.php?rest_route=\/wp\/v2\/media\/1383"}],"wp:attachment":[{"href":"https:\/\/re-sentir.be\/index.php?rest_route=%2Fwp%2Fv2%2Fmedia&parent=251"}],"wp:term":[{"taxonomy":"product_brand","embeddable":true,"href":"https:\/\/re-sentir.be\/index.php?rest_route=%2Fwp%2Fv2%2Fproduct_brand&post=251"},{"taxonomy":"product_cat","embeddable":true,"href":"https:\/\/re-sentir.be\/index.php?rest_route=%2Fwp%2Fv2%2Fproduct_cat&post=251"},{"taxonomy":"product_tag","embeddable":true,"href":"https:\/\/re-sentir.be\/index.php?rest_route=%2Fwp%2Fv2%2Fproduct_tag&post=251"}],"curies":[{"name":"wp","href":"https:\/\/api.w.org\/{rel}","templated":true}]}}