{"id":434,"date":"2025-03-31T14:23:03","date_gmt":"2025-03-31T12:23:03","guid":{"rendered":"https:\/\/re-sentir.be\/?post_type=product&#038;p=434"},"modified":"2026-02-19T13:57:21","modified_gmt":"2026-02-19T12:57:21","slug":"solstice-dete-2","status":"publish","type":"product","link":"https:\/\/re-sentir.be\/?product=solstice-dete-2","title":{"rendered":"Solstice d&rsquo;\u00e9t\u00e9"},"content":{"rendered":"\t\t<div data-elementor-type=\"wp-post\" data-elementor-id=\"434\" class=\"elementor elementor-434\">\n\t\t\t\t<div class=\"elementor-element elementor-element-631c7be e-flex e-con-boxed e-con e-parent\" data-id=\"631c7be\" data-element_type=\"container\">\n\t\t\t\t\t<div class=\"e-con-inner\">\n\t\t<div class=\"elementor-element elementor-element-05b7e63 e-con-full e-flex e-con e-child\" data-id=\"05b7e63\" data-element_type=\"container\">\n\t\t\t\t<div class=\"elementor-element elementor-element-6595874 elementor-widget elementor-widget-text-editor\" data-id=\"6595874\" data-element_type=\"widget\" data-widget_type=\"text-editor.default\">\n\t\t\t\t<div class=\"elementor-widget-container\">\n\t\t\t\t\t\t\t\t\t<p style=\"text-align: center;\"><span style=\"color: #00ccff;\">\u2665\u00a0<\/span> <strong>Accord Epic\u00e9 :<\/strong><\/p>\n<p><strong>T\u00eate<\/strong> : Baies, \u00e9pices &amp; agrumes<\/p>\n<p><strong>C\u0153ur<\/strong> : Jasmin, ylang-ylang &amp; gingembre<\/p>\n<p><strong>Fond<\/strong> : V\u00e9tiver &amp; vanilles<\/p>\t\t\t\t\t\t\t\t<\/div>\n\t\t\t\t<\/div>\n\t\t\t\t<\/div>\n\t\t<div class=\"elementor-element elementor-element-227c1a8 e-con-full e-flex e-con e-child\" data-id=\"227c1a8\" data-element_type=\"container\">\n\t\t\t\t<div class=\"elementor-element elementor-element-e77d9e1 elementor-widget elementor-widget-text-editor\" data-id=\"e77d9e1\" data-element_type=\"widget\" data-widget_type=\"text-editor.default\">\n\t\t\t\t<div class=\"elementor-widget-container\">\n\t\t\t\t\t\t\t\t\t<p style=\"text-align: center;\"><span style=\"color: #99cc00;\"><span style=\"color: #00ccff;\">\u2665<\/span>\u00a0<\/span> <strong>Composition :<\/strong><\/p>\n<p>Alcool de bl\u00e9 biologique non d\u00e9natur\u00e9, parfum (compos\u00e9 uniquement des huiles essentielles, absolues et concr\u00e8tes).<\/p>\n<p>Allerg\u00e8nes : voir ci-dessous.<\/p>\t\t\t\t\t\t\t\t<\/div>\n\t\t\t\t<\/div>\n\t\t\t\t<\/div>\n\t\t<div class=\"elementor-element elementor-element-2c3de81 e-con-full e-flex e-con e-child\" data-id=\"2c3de81\" data-element_type=\"container\">\n\t\t\t\t<div class=\"elementor-element elementor-element-35adb9f elementor-widget elementor-widget-text-editor\" data-id=\"35adb9f\" data-element_type=\"widget\" data-widget_type=\"text-editor.default\">\n\t\t\t\t<div class=\"elementor-widget-container\">\n\t\t\t\t\t\t\t\t\t<p style=\"text-align: center;\"><span style=\"color: #99cc00;\"><span style=\"color: #00ccff;\">\u2665<\/span>\u00a0<\/span> <strong>Pr\u00e9cautions :<\/strong><\/p><p><span style=\"color: #808080;\">Pour adultes et enfants de plus de 10 ans. Ne pas avaler. En cas d\u2019irritation de la peau, arr\u00eater l\u2019utilisation. \u00c9viter le contact avec les yeux.\u00a0 Inflammable.<\/span><\/p>\t\t\t\t\t\t\t\t<\/div>\n\t\t\t\t<\/div>\n\t\t\t\t<\/div>\n\t\t<div class=\"elementor-element elementor-element-4554569 e-con-full e-flex e-con e-child\" data-id=\"4554569\" data-element_type=\"container\">\n\t\t\t\t<div class=\"elementor-element elementor-element-c8914af elementor-widget elementor-widget-text-editor\" data-id=\"c8914af\" data-element_type=\"widget\" data-widget_type=\"text-editor.default\">\n\t\t\t\t<div class=\"elementor-widget-container\">\n\t\t\t\t\t\t\t\t\t<p style=\"text-align: center;\"><span style=\"color: #00ccff;\"><strong>\u2665 <\/strong><\/span><strong><span style=\"vertical-align: inherit;\">Contenance :<\/span><\/strong><\/p>\n<p><strong><span style=\"vertical-align: inherit;\">Version 50 ML<\/span><\/strong><span style=\"vertical-align: inherit;\"> : Le parfum est pr\u00e9sent\u00e9 dans un flacon en verre, muni d&rsquo;un spray et d&rsquo;un capot en bois grav\u00e9. Le flacon est prot\u00e9g\u00e9 par une bo\u00eete en carton.<\/span><\/p>\t\t\t\t\t\t\t\t<\/div>\n\t\t\t\t<\/div>\n\t\t\t\t<\/div>\n\t\t<div class=\"elementor-element elementor-element-a96bad8 e-con-full e-flex e-con e-child\" data-id=\"a96bad8\" data-element_type=\"container\">\n\t\t\t\t<div class=\"elementor-element elementor-element-208c80a elementor-widget elementor-widget-text-editor\" data-id=\"208c80a\" data-element_type=\"widget\" data-widget_type=\"text-editor.default\">\n\t\t\t\t<div class=\"elementor-widget-container\">\n\t\t\t\t\t\t\t\t\t<p style=\"text-align: center;\"><strong><span style=\"color: #00ccff;\">\u2665<\/span> Utilisation \/ conservation :<\/strong><\/p>\n<p>Vaporiser cou ou poignets par exemple. Alternativement un mouchoir, un foulard, le bout des cheveux,&#8230; Conserver \u00e0 l&rsquo;abri de la chaleur et de la lumi\u00e8re. PAO : Le parfum conserve 2 ans apr\u00e8s ouverture.<\/p>\t\t\t\t\t\t\t\t<\/div>\n\t\t\t\t<\/div>\n\t\t\t\t<\/div>\n\t\t<div class=\"elementor-element elementor-element-906f74f e-con-full e-flex e-con e-child\" data-id=\"906f74f\" data-element_type=\"container\">\n\t\t\t\t<div class=\"elementor-element elementor-element-205855a elementor-widget elementor-widget-text-editor\" data-id=\"205855a\" data-element_type=\"widget\" data-widget_type=\"text-editor.default\">\n\t\t\t\t<div class=\"elementor-widget-container\">\n\t\t\t\t\t\t\t\t\t<p style=\"text-align: center;\"><strong><span style=\"color: #00ccff;\">\u2665<\/span> Parfum 100% naturel :<\/strong><\/p><p><span style=\"color: #808080;\">Solstice d&rsquo;\u00e9t\u00e9 est un parfum concentr\u00e9 \u00e0 18%, non genr\u00e9 et constitu\u00e9 \u00e0 100% de mol\u00e9cules naturelles. Sans colorant, sans perturbateur endocrinien, sans anti-UV, sans mol\u00e9cule de synth\u00e8se.<\/span><\/p>\t\t\t\t\t\t\t\t<\/div>\n\t\t\t\t<\/div>\n\t\t\t\t<\/div>\n\t\t\t\t\t<\/div>\n\t\t\t\t<\/div>\n\t\t<div class=\"elementor-element elementor-element-23827c4 e-flex e-con-boxed e-con e-parent\" data-id=\"23827c4\" data-element_type=\"container\">\n\t\t\t\t\t<div class=\"e-con-inner\">\n\t\t\t\t<div class=\"elementor-element elementor-element-dc52b3b elementor-widget elementor-widget-text-editor\" data-id=\"dc52b3b\" data-element_type=\"widget\" data-widget_type=\"text-editor.default\">\n\t\t\t\t<div class=\"elementor-widget-container\">\n\t\t\t\t\t\t\t\t\t<p><strong>Allerg\u00e8nes des huiles essentielles :<\/strong> (la l\u00e9gislation europ\u00e9enne impose de lister 81 mati\u00e8res potentiellement allergisantes pour une partie de la population, mais sans danger pour les personnes non allergiques. Chaque recette est \u00e9valu\u00e9e au pr\u00e9alable par un toxicologue afin de v\u00e9rifier qu&rsquo;elle ne repr\u00e9sente aucun danger pour la sant\u00e9 et que les seuils des allerg\u00e8nes ne soient pas d\u00e9pass\u00e9s afin que le parfum puisse \u00eatre appliqu\u00e9 quotidiennement sur la peau.)\u00a0 : alpha-terpinene, benzyl alcohol, benzyl benzoate, benzyl cinnamate, benzyl salicylate, beta caryophyllene, camphor, cananga odorata oil\/extract, carvone, cinnamal, cinnamomum zeylanicum bark oil, cinnamyl alcohol, citral, citronellol, citrus aurantium bergamia peel oil, coumarin, eugenia caryophyllus oil, eugenol, eugenyl acetate, farnesol, geraniol, geranyl acetate, isoeugenol, jasmine oil\/extract, limonene, linalool, linalyl acetate, methyl salicylate, myroxylon pereirae oil\/extract, pinene, pogostemon cablin oil, terpineol, terpinolene.\u00a0 \u00a0<\/p>\t\t\t\t\t\t\t\t<\/div>\n\t\t\t\t<\/div>\n\t\t\t\t\t<\/div>\n\t\t\t\t<\/div>\n\t\t\t\t<\/div>\n\t\t","protected":false},"excerpt":{"rendered":"<h6 style=\"text-align: center;\"><span style=\"color: #333333;\"><em>\u00ab\u00a0Solstice d&rsquo;\u00e9t\u00e9 c&rsquo;est le v\u00e9tiver, l&rsquo;ylang-ylang et le jasmin sublim\u00e9s par le gingembre et les \u00e9pices, sur fond de notes gourmandes. Le sable chaud, le sel de mer et le soleil. Pour un instant d&rsquo;exotisme, relaxation totale \u00e0 la verticale de l&rsquo;\u00e9t\u00e9&#8230;\u00a0\u00bb<\/em><\/span><\/h6>\n","protected":false},"featured_media":1380,"template":"elementor_theme","meta":[],"product_brand":[],"product_cat":[30],"product_tag":[],"class_list":{"0":"post-434","1":"product","2":"type-product","3":"status-publish","4":"has-post-thumbnail","6":"product_cat-parfums","8":"first","9":"instock","10":"taxable","11":"shipping-taxable","12":"purchasable","13":"product-type-simple"},"yoast_head":"<!-- This site is optimized with the Yoast SEO plugin v25.9 - https:\/\/yoast.com\/wordpress\/plugins\/seo\/ -->\n<title>Solstice d&#039;\u00e9t\u00e9 - Re.sentir<\/title>\n<meta name=\"robots\" content=\"index, follow, max-snippet:-1, max-image-preview:large, max-video-preview:-1\" \/>\n<link rel=\"canonical\" href=\"https:\/\/re-sentir.be\/?product=solstice-dete-2\" \/>\n<meta property=\"og:locale\" content=\"fr_FR\" \/>\n<meta property=\"og:type\" content=\"article\" \/>\n<meta property=\"og:title\" content=\"Solstice d&#039;\u00e9t\u00e9 - Re.sentir\" \/>\n<meta property=\"og:description\" content=\"&quot;Solstice d&#039;\u00e9t\u00e9 c&#039;est le v\u00e9tiver, l&#039;ylang-ylang et le jasmin sublim\u00e9s par le gingembre et les \u00e9pices, sur fond de notes gourmandes. Le sable chaud, le sel de mer et le soleil. Pour un instant d&#039;exotisme, relaxation totale \u00e0 la verticale de l&#039;\u00e9t\u00e9...&quot;\" \/>\n<meta property=\"og:url\" content=\"https:\/\/re-sentir.be\/?product=solstice-dete-2\" \/>\n<meta property=\"og:site_name\" content=\"Re.sentir\" \/>\n<meta property=\"article:modified_time\" content=\"2026-02-19T12:57:21+00:00\" \/>\n<meta property=\"og:image\" content=\"https:\/\/re-sentir.be\/wp-content\/uploads\/2025\/03\/IMG_20250917_010404-scaled.jpg\" \/>\n\t<meta property=\"og:image:width\" content=\"1920\" \/>\n\t<meta property=\"og:image:height\" content=\"2560\" \/>\n\t<meta property=\"og:image:type\" content=\"image\/jpeg\" \/>\n<meta name=\"twitter:card\" content=\"summary_large_image\" \/>\n<meta name=\"twitter:label1\" content=\"Dur\u00e9e de lecture est.\" \/>\n\t<meta name=\"twitter:data1\" content=\"2 minutes\" \/>\n<script type=\"application\/ld+json\" class=\"yoast-schema-graph\">{\"@context\":\"https:\/\/schema.org\",\"@graph\":[{\"@type\":\"WebPage\",\"@id\":\"https:\/\/re-sentir.be\/?product=solstice-dete-2\",\"url\":\"https:\/\/re-sentir.be\/?product=solstice-dete-2\",\"name\":\"Solstice d'\u00e9t\u00e9 - Re.sentir\",\"isPartOf\":{\"@id\":\"https:\/\/re-sentir.be\/#website\"},\"primaryImageOfPage\":{\"@id\":\"https:\/\/re-sentir.be\/?product=solstice-dete-2#primaryimage\"},\"image\":{\"@id\":\"https:\/\/re-sentir.be\/?product=solstice-dete-2#primaryimage\"},\"thumbnailUrl\":\"https:\/\/re-sentir.be\/wp-content\/uploads\/2025\/03\/IMG_20250917_010404-scaled.jpg\",\"datePublished\":\"2025-03-31T12:23:03+00:00\",\"dateModified\":\"2026-02-19T12:57:21+00:00\",\"breadcrumb\":{\"@id\":\"https:\/\/re-sentir.be\/?product=solstice-dete-2#breadcrumb\"},\"inLanguage\":\"fr-BE\",\"potentialAction\":[{\"@type\":\"ReadAction\",\"target\":[\"https:\/\/re-sentir.be\/?product=solstice-dete-2\"]}]},{\"@type\":\"ImageObject\",\"inLanguage\":\"fr-BE\",\"@id\":\"https:\/\/re-sentir.be\/?product=solstice-dete-2#primaryimage\",\"url\":\"https:\/\/re-sentir.be\/wp-content\/uploads\/2025\/03\/IMG_20250917_010404-scaled.jpg\",\"contentUrl\":\"https:\/\/re-sentir.be\/wp-content\/uploads\/2025\/03\/IMG_20250917_010404-scaled.jpg\",\"width\":1920,\"height\":2560,\"caption\":\"Re.sentir - Solstice d'\u00e9t\u00e9 - Couverture\"},{\"@type\":\"BreadcrumbList\",\"@id\":\"https:\/\/re-sentir.be\/?product=solstice-dete-2#breadcrumb\",\"itemListElement\":[{\"@type\":\"ListItem\",\"position\":1,\"name\":\"Accueil\",\"item\":\"https:\/\/re-sentir.be\/\"},{\"@type\":\"ListItem\",\"position\":2,\"name\":\"Boutique\",\"item\":\"https:\/\/re-sentir.be\/?page_id=364\"},{\"@type\":\"ListItem\",\"position\":3,\"name\":\"Solstice d&rsquo;\u00e9t\u00e9\"}]},{\"@type\":\"WebSite\",\"@id\":\"https:\/\/re-sentir.be\/#website\",\"url\":\"https:\/\/re-sentir.be\/\",\"name\":\"Re-Sentir\",\"description\":\"Parfums authentiques\",\"publisher\":{\"@id\":\"https:\/\/re-sentir.be\/#organization\"},\"potentialAction\":[{\"@type\":\"SearchAction\",\"target\":{\"@type\":\"EntryPoint\",\"urlTemplate\":\"https:\/\/re-sentir.be\/?s={search_term_string}\"},\"query-input\":{\"@type\":\"PropertyValueSpecification\",\"valueRequired\":true,\"valueName\":\"search_term_string\"}}],\"inLanguage\":\"fr-BE\"},{\"@type\":\"Organization\",\"@id\":\"https:\/\/re-sentir.be\/#organization\",\"name\":\"Re-Sentir\",\"url\":\"https:\/\/re-sentir.be\/\",\"logo\":{\"@type\":\"ImageObject\",\"inLanguage\":\"fr-BE\",\"@id\":\"https:\/\/re-sentir.be\/#\/schema\/logo\/image\/\",\"url\":\"https:\/\/re-sentir.be\/wp-content\/uploads\/2025\/02\/resentir_logo_100x100_72pp.png\",\"contentUrl\":\"https:\/\/re-sentir.be\/wp-content\/uploads\/2025\/02\/resentir_logo_100x100_72pp.png\",\"width\":44,\"height\":34,\"caption\":\"Re-Sentir\"},\"image\":{\"@id\":\"https:\/\/re-sentir.be\/#\/schema\/logo\/image\/\"}}]}<\/script>\n<!-- \/ Yoast SEO plugin. -->","yoast_head_json":{"title":"Solstice d'\u00e9t\u00e9 - Re.sentir","robots":{"index":"index","follow":"follow","max-snippet":"max-snippet:-1","max-image-preview":"max-image-preview:large","max-video-preview":"max-video-preview:-1"},"canonical":"https:\/\/re-sentir.be\/?product=solstice-dete-2","og_locale":"fr_FR","og_type":"article","og_title":"Solstice d'\u00e9t\u00e9 - Re.sentir","og_description":"\"Solstice d'\u00e9t\u00e9 c'est le v\u00e9tiver, l'ylang-ylang et le jasmin sublim\u00e9s par le gingembre et les \u00e9pices, sur fond de notes gourmandes. Le sable chaud, le sel de mer et le soleil. Pour un instant d'exotisme, relaxation totale \u00e0 la verticale de l'\u00e9t\u00e9...\"","og_url":"https:\/\/re-sentir.be\/?product=solstice-dete-2","og_site_name":"Re.sentir","article_modified_time":"2026-02-19T12:57:21+00:00","og_image":[{"width":1920,"height":2560,"url":"https:\/\/re-sentir.be\/wp-content\/uploads\/2025\/03\/IMG_20250917_010404-scaled.jpg","type":"image\/jpeg"}],"twitter_card":"summary_large_image","twitter_misc":{"Dur\u00e9e de lecture est.":"2 minutes"},"schema":{"@context":"https:\/\/schema.org","@graph":[{"@type":"WebPage","@id":"https:\/\/re-sentir.be\/?product=solstice-dete-2","url":"https:\/\/re-sentir.be\/?product=solstice-dete-2","name":"Solstice d'\u00e9t\u00e9 - Re.sentir","isPartOf":{"@id":"https:\/\/re-sentir.be\/#website"},"primaryImageOfPage":{"@id":"https:\/\/re-sentir.be\/?product=solstice-dete-2#primaryimage"},"image":{"@id":"https:\/\/re-sentir.be\/?product=solstice-dete-2#primaryimage"},"thumbnailUrl":"https:\/\/re-sentir.be\/wp-content\/uploads\/2025\/03\/IMG_20250917_010404-scaled.jpg","datePublished":"2025-03-31T12:23:03+00:00","dateModified":"2026-02-19T12:57:21+00:00","breadcrumb":{"@id":"https:\/\/re-sentir.be\/?product=solstice-dete-2#breadcrumb"},"inLanguage":"fr-BE","potentialAction":[{"@type":"ReadAction","target":["https:\/\/re-sentir.be\/?product=solstice-dete-2"]}]},{"@type":"ImageObject","inLanguage":"fr-BE","@id":"https:\/\/re-sentir.be\/?product=solstice-dete-2#primaryimage","url":"https:\/\/re-sentir.be\/wp-content\/uploads\/2025\/03\/IMG_20250917_010404-scaled.jpg","contentUrl":"https:\/\/re-sentir.be\/wp-content\/uploads\/2025\/03\/IMG_20250917_010404-scaled.jpg","width":1920,"height":2560,"caption":"Re.sentir - Solstice d'\u00e9t\u00e9 - Couverture"},{"@type":"BreadcrumbList","@id":"https:\/\/re-sentir.be\/?product=solstice-dete-2#breadcrumb","itemListElement":[{"@type":"ListItem","position":1,"name":"Accueil","item":"https:\/\/re-sentir.be\/"},{"@type":"ListItem","position":2,"name":"Boutique","item":"https:\/\/re-sentir.be\/?page_id=364"},{"@type":"ListItem","position":3,"name":"Solstice d&rsquo;\u00e9t\u00e9"}]},{"@type":"WebSite","@id":"https:\/\/re-sentir.be\/#website","url":"https:\/\/re-sentir.be\/","name":"Re-Sentir","description":"Parfums authentiques","publisher":{"@id":"https:\/\/re-sentir.be\/#organization"},"potentialAction":[{"@type":"SearchAction","target":{"@type":"EntryPoint","urlTemplate":"https:\/\/re-sentir.be\/?s={search_term_string}"},"query-input":{"@type":"PropertyValueSpecification","valueRequired":true,"valueName":"search_term_string"}}],"inLanguage":"fr-BE"},{"@type":"Organization","@id":"https:\/\/re-sentir.be\/#organization","name":"Re-Sentir","url":"https:\/\/re-sentir.be\/","logo":{"@type":"ImageObject","inLanguage":"fr-BE","@id":"https:\/\/re-sentir.be\/#\/schema\/logo\/image\/","url":"https:\/\/re-sentir.be\/wp-content\/uploads\/2025\/02\/resentir_logo_100x100_72pp.png","contentUrl":"https:\/\/re-sentir.be\/wp-content\/uploads\/2025\/02\/resentir_logo_100x100_72pp.png","width":44,"height":34,"caption":"Re-Sentir"},"image":{"@id":"https:\/\/re-sentir.be\/#\/schema\/logo\/image\/"}}]}},"_links":{"self":[{"href":"https:\/\/re-sentir.be\/index.php?rest_route=\/wp\/v2\/product\/434","targetHints":{"allow":["GET"]}}],"collection":[{"href":"https:\/\/re-sentir.be\/index.php?rest_route=\/wp\/v2\/product"}],"about":[{"href":"https:\/\/re-sentir.be\/index.php?rest_route=\/wp\/v2\/types\/product"}],"version-history":[{"count":21,"href":"https:\/\/re-sentir.be\/index.php?rest_route=\/wp\/v2\/product\/434\/revisions"}],"predecessor-version":[{"id":1825,"href":"https:\/\/re-sentir.be\/index.php?rest_route=\/wp\/v2\/product\/434\/revisions\/1825"}],"wp:featuredmedia":[{"embeddable":true,"href":"https:\/\/re-sentir.be\/index.php?rest_route=\/wp\/v2\/media\/1380"}],"wp:attachment":[{"href":"https:\/\/re-sentir.be\/index.php?rest_route=%2Fwp%2Fv2%2Fmedia&parent=434"}],"wp:term":[{"taxonomy":"product_brand","embeddable":true,"href":"https:\/\/re-sentir.be\/index.php?rest_route=%2Fwp%2Fv2%2Fproduct_brand&post=434"},{"taxonomy":"product_cat","embeddable":true,"href":"https:\/\/re-sentir.be\/index.php?rest_route=%2Fwp%2Fv2%2Fproduct_cat&post=434"},{"taxonomy":"product_tag","embeddable":true,"href":"https:\/\/re-sentir.be\/index.php?rest_route=%2Fwp%2Fv2%2Fproduct_tag&post=434"}],"curies":[{"name":"wp","href":"https:\/\/api.w.org\/{rel}","templated":true}]}}